{"id":15275,"date":"2016-11-20T12:49:52","date_gmt":"2016-11-20T11:49:52","guid":{"rendered":"http:\/\/www.tourismejalhaysart.be\/events\/grand-feu-carnaval-solwaster-jalhay\/"},"modified":"2025-09-13T14:08:50","modified_gmt":"2025-09-13T13:08:50","slug":"grand-feu-carnaval-solwaster-jalhay","status":"publish","type":"events","link":"https:\/\/www.tourismejalhaysart.be\/nl\/events\/grand-feu-carnaval-solwaster-jalhay\/","title":{"rendered":"Grand feu et cort\u00e8ge carnavalesque \u00e0 Solwaster"},"content":{"rendered":"<div dir=\"auto\"><\/div>\n<div dir=\"auto\">RDV \u00e0 19h30, tous d\u00e9guis\u00e9s (parce que sinon c&#8217;est pas dr\u00f4le)! N&#8217;h\u00e9sitez pas \u00e0 en parler autour de vous, on peut enfin refaire la f\u00eate ! <span class=\"pq6dq46d tbxw36s4 knj5qynh kvgmc6g5 ditlmg2l oygrvhab nvdbi5me sf5mxxl7 gl3lb2sf hhz5lgdu\"><img decoding=\"async\" src=\"https:\/\/static.xx.fbcdn.net\/images\/emoji.php\/v9\/tb1\/1.5\/16\/1f929.png\" alt=\"\ud83e\udd29\" width=\"16\" height=\"16\" \/><\/span><span class=\"pq6dq46d tbxw36s4 knj5qynh kvgmc6g5 ditlmg2l oygrvhab nvdbi5me sf5mxxl7 gl3lb2sf hhz5lgdu\"><img decoding=\"async\" src=\"https:\/\/static.xx.fbcdn.net\/images\/emoji.php\/v9\/tb1\/1.5\/16\/1f929.png\" alt=\"\ud83e\udd29\" width=\"16\" height=\"16\" \/><\/span><\/div>\n<div dir=\"auto\">Infos :\u00a0<a href=\"https:\/\/www.facebook.com\/Solwaster\">https:\/\/www.facebook.com\/Solwaster<\/a><\/div>\n","protected":false},"featured_media":32644,"parent":0,"template":"","calendars":[],"categorie-agenda":[1141,1149],"venue":[493],"organizer":[508],"class_list":["post-15275","events","type-events","status-publish","has-post-thumbnail","hentry","categorie-agenda-andere-nl","categorie-agenda-evenementen","venue-centre-solwaster-nl","organizer-asbl-les-echos-de-la-vallee-de-la-hoegne-nl"],"acf":[],"yoast_head":"<!-- This site is optimized with the Yoast SEO plugin v27.5 - https:\/\/yoast.com\/product\/yoast-seo-wordpress\/ -->\n<title>Grand feu et cort\u00e8ge carnavalesque \u00e0 Solwaster - Office du Tourisme de Jalhay Sart<\/title>\n<meta name=\"robots\" content=\"index, follow, max-snippet:-1, max-image-preview:large, max-video-preview:-1\" \/>\n<link rel=\"canonical\" href=\"https:\/\/www.tourismejalhaysart.be\/nl\/events\/grand-feu-carnaval-solwaster-jalhay\/\" \/>\n<meta property=\"og:locale\" content=\"nl_NL\" \/>\n<meta property=\"og:type\" content=\"article\" \/>\n<meta property=\"og:title\" content=\"Grand feu et cort\u00e8ge carnavalesque \u00e0 Solwaster - Office du Tourisme de Jalhay Sart\" \/>\n<meta property=\"og:description\" content=\"RDV \u00e0 19h30, tous d\u00e9guis\u00e9s (parce que sinon c&#8217;est pas dr\u00f4le)! N&#8217;h\u00e9sitez pas \u00e0 en parler autour de vous, on peut enfin refaire la f\u00eate ! Infos :\u00a0https:\/\/www.facebook.com\/Solwaster\" \/>\n<meta property=\"og:url\" content=\"https:\/\/www.tourismejalhaysart.be\/nl\/events\/grand-feu-carnaval-solwaster-jalhay\/\" \/>\n<meta property=\"og:site_name\" content=\"Office du Tourisme de Jalhay Sart\" \/>\n<meta property=\"article:modified_time\" content=\"2025-09-13T13:08:50+00:00\" \/>\n<meta property=\"og:image\" content=\"https:\/\/www.tourismejalhaysart.be\/wp-content\/uploads\/2016\/11\/grand-feu-solwaster-1.jpg\" \/>\n\t<meta property=\"og:image:width\" content=\"1440\" \/>\n\t<meta property=\"og:image:height\" content=\"810\" \/>\n\t<meta property=\"og:image:type\" content=\"image\/jpeg\" \/>\n<meta name=\"twitter:card\" content=\"summary_large_image\" \/>\n<script type=\"application\/ld+json\" class=\"yoast-schema-graph\">{\"@context\":\"https:\\\/\\\/schema.org\",\"@graph\":[{\"@type\":\"WebPage\",\"@id\":\"https:\\\/\\\/www.tourismejalhaysart.be\\\/nl\\\/events\\\/grand-feu-carnaval-solwaster-jalhay\\\/\",\"url\":\"https:\\\/\\\/www.tourismejalhaysart.be\\\/nl\\\/events\\\/grand-feu-carnaval-solwaster-jalhay\\\/\",\"name\":\"Grand feu et cort\u00e8ge carnavalesque \u00e0 Solwaster - Office du Tourisme de Jalhay Sart\",\"isPartOf\":{\"@id\":\"https:\\\/\\\/www.tourismejalhaysart.be\\\/nl\\\/#website\"},\"primaryImageOfPage\":{\"@id\":\"https:\\\/\\\/www.tourismejalhaysart.be\\\/nl\\\/events\\\/grand-feu-carnaval-solwaster-jalhay\\\/#primaryimage\"},\"image\":{\"@id\":\"https:\\\/\\\/www.tourismejalhaysart.be\\\/nl\\\/events\\\/grand-feu-carnaval-solwaster-jalhay\\\/#primaryimage\"},\"thumbnailUrl\":\"https:\\\/\\\/www.tourismejalhaysart.be\\\/wp-content\\\/uploads\\\/2016\\\/11\\\/grand-feu-solwaster-1.jpg\",\"datePublished\":\"2016-11-20T11:49:52+00:00\",\"dateModified\":\"2025-09-13T13:08:50+00:00\",\"breadcrumb\":{\"@id\":\"https:\\\/\\\/www.tourismejalhaysart.be\\\/nl\\\/events\\\/grand-feu-carnaval-solwaster-jalhay\\\/#breadcrumb\"},\"inLanguage\":\"nl-NL\",\"potentialAction\":[{\"@type\":\"ReadAction\",\"target\":[\"https:\\\/\\\/www.tourismejalhaysart.be\\\/nl\\\/events\\\/grand-feu-carnaval-solwaster-jalhay\\\/\"]}]},{\"@type\":\"ImageObject\",\"inLanguage\":\"nl-NL\",\"@id\":\"https:\\\/\\\/www.tourismejalhaysart.be\\\/nl\\\/events\\\/grand-feu-carnaval-solwaster-jalhay\\\/#primaryimage\",\"url\":\"https:\\\/\\\/www.tourismejalhaysart.be\\\/wp-content\\\/uploads\\\/2016\\\/11\\\/grand-feu-solwaster-1.jpg\",\"contentUrl\":\"https:\\\/\\\/www.tourismejalhaysart.be\\\/wp-content\\\/uploads\\\/2016\\\/11\\\/grand-feu-solwaster-1.jpg\",\"width\":1440,\"height\":810},{\"@type\":\"BreadcrumbList\",\"@id\":\"https:\\\/\\\/www.tourismejalhaysart.be\\\/nl\\\/events\\\/grand-feu-carnaval-solwaster-jalhay\\\/#breadcrumb\",\"itemListElement\":[{\"@type\":\"ListItem\",\"position\":1,\"name\":\"Accueil\",\"item\":\"https:\\\/\\\/www.tourismejalhaysart.be\\\/nl\\\/\"},{\"@type\":\"ListItem\",\"position\":2,\"name\":\"Evenementen\",\"item\":\"https:\\\/\\\/www.tourismejalhaysart.be\\\/nl\\\/agenda\\\/\"},{\"@type\":\"ListItem\",\"position\":3,\"name\":\"Grand feu et cort\u00e8ge carnavalesque \u00e0 Solwaster\"}]},{\"@type\":\"WebSite\",\"@id\":\"https:\\\/\\\/www.tourismejalhaysart.be\\\/nl\\\/#website\",\"url\":\"https:\\\/\\\/www.tourismejalhaysart.be\\\/nl\\\/\",\"name\":\"Office du Tourisme de Jalhay Sart\",\"description\":\"aux sources de la nature\",\"potentialAction\":[{\"@type\":\"SearchAction\",\"target\":{\"@type\":\"EntryPoint\",\"urlTemplate\":\"https:\\\/\\\/www.tourismejalhaysart.be\\\/nl\\\/?s={search_term_string}\"},\"query-input\":{\"@type\":\"PropertyValueSpecification\",\"valueRequired\":true,\"valueName\":\"search_term_string\"}}],\"inLanguage\":\"nl-NL\"}]}<\/script>\n<!-- \/ Yoast SEO plugin. -->","yoast_head_json":{"title":"Grand feu et cort\u00e8ge carnavalesque \u00e0 Solwaster - Office du Tourisme de Jalhay Sart","robots":{"index":"index","follow":"follow","max-snippet":"max-snippet:-1","max-image-preview":"max-image-preview:large","max-video-preview":"max-video-preview:-1"},"canonical":"https:\/\/www.tourismejalhaysart.be\/nl\/events\/grand-feu-carnaval-solwaster-jalhay\/","og_locale":"nl_NL","og_type":"article","og_title":"Grand feu et cort\u00e8ge carnavalesque \u00e0 Solwaster - Office du Tourisme de Jalhay Sart","og_description":"RDV \u00e0 19h30, tous d\u00e9guis\u00e9s (parce que sinon c&#8217;est pas dr\u00f4le)! N&#8217;h\u00e9sitez pas \u00e0 en parler autour de vous, on peut enfin refaire la f\u00eate ! Infos :\u00a0https:\/\/www.facebook.com\/Solwaster","og_url":"https:\/\/www.tourismejalhaysart.be\/nl\/events\/grand-feu-carnaval-solwaster-jalhay\/","og_site_name":"Office du Tourisme de Jalhay Sart","article_modified_time":"2025-09-13T13:08:50+00:00","og_image":[{"width":1440,"height":810,"url":"https:\/\/www.tourismejalhaysart.be\/wp-content\/uploads\/2016\/11\/grand-feu-solwaster-1.jpg","type":"image\/jpeg"}],"twitter_card":"summary_large_image","schema":{"@context":"https:\/\/schema.org","@graph":[{"@type":"WebPage","@id":"https:\/\/www.tourismejalhaysart.be\/nl\/events\/grand-feu-carnaval-solwaster-jalhay\/","url":"https:\/\/www.tourismejalhaysart.be\/nl\/events\/grand-feu-carnaval-solwaster-jalhay\/","name":"Grand feu et cort\u00e8ge carnavalesque \u00e0 Solwaster - Office du Tourisme de Jalhay Sart","isPartOf":{"@id":"https:\/\/www.tourismejalhaysart.be\/nl\/#website"},"primaryImageOfPage":{"@id":"https:\/\/www.tourismejalhaysart.be\/nl\/events\/grand-feu-carnaval-solwaster-jalhay\/#primaryimage"},"image":{"@id":"https:\/\/www.tourismejalhaysart.be\/nl\/events\/grand-feu-carnaval-solwaster-jalhay\/#primaryimage"},"thumbnailUrl":"https:\/\/www.tourismejalhaysart.be\/wp-content\/uploads\/2016\/11\/grand-feu-solwaster-1.jpg","datePublished":"2016-11-20T11:49:52+00:00","dateModified":"2025-09-13T13:08:50+00:00","breadcrumb":{"@id":"https:\/\/www.tourismejalhaysart.be\/nl\/events\/grand-feu-carnaval-solwaster-jalhay\/#breadcrumb"},"inLanguage":"nl-NL","potentialAction":[{"@type":"ReadAction","target":["https:\/\/www.tourismejalhaysart.be\/nl\/events\/grand-feu-carnaval-solwaster-jalhay\/"]}]},{"@type":"ImageObject","inLanguage":"nl-NL","@id":"https:\/\/www.tourismejalhaysart.be\/nl\/events\/grand-feu-carnaval-solwaster-jalhay\/#primaryimage","url":"https:\/\/www.tourismejalhaysart.be\/wp-content\/uploads\/2016\/11\/grand-feu-solwaster-1.jpg","contentUrl":"https:\/\/www.tourismejalhaysart.be\/wp-content\/uploads\/2016\/11\/grand-feu-solwaster-1.jpg","width":1440,"height":810},{"@type":"BreadcrumbList","@id":"https:\/\/www.tourismejalhaysart.be\/nl\/events\/grand-feu-carnaval-solwaster-jalhay\/#breadcrumb","itemListElement":[{"@type":"ListItem","position":1,"name":"Accueil","item":"https:\/\/www.tourismejalhaysart.be\/nl\/"},{"@type":"ListItem","position":2,"name":"Evenementen","item":"https:\/\/www.tourismejalhaysart.be\/nl\/agenda\/"},{"@type":"ListItem","position":3,"name":"Grand feu et cort\u00e8ge carnavalesque \u00e0 Solwaster"}]},{"@type":"WebSite","@id":"https:\/\/www.tourismejalhaysart.be\/nl\/#website","url":"https:\/\/www.tourismejalhaysart.be\/nl\/","name":"Office du Tourisme de Jalhay Sart","description":"aux sources de la nature","potentialAction":[{"@type":"SearchAction","target":{"@type":"EntryPoint","urlTemplate":"https:\/\/www.tourismejalhaysart.be\/nl\/?s={search_term_string}"},"query-input":{"@type":"PropertyValueSpecification","valueRequired":true,"valueName":"search_term_string"}}],"inLanguage":"nl-NL"}]}},"wpml_current_locale":"nl_NL","wpml_translations":{"en_US":{"locale":"en_US","id":15276,"slug":"grand-feu-carnaval-solwaster-jalhay","post_title":"Grand feu et cort\u00e8ge carnavalesque \u00e0 Solwaster","href":"https:\/\/www.tourismejalhaysart.be\/en\/events\/grand-feu-carnaval-solwaster-jalhay\/"},"de_DE":{"locale":"de_DE","id":15277,"slug":"grand-feu-carnaval-solwaster-jalhay","post_title":"Grand feu et cort\u00e8ge carnavalesque \u00e0 Solwaster","href":"https:\/\/www.tourismejalhaysart.be\/de\/events\/grand-feu-carnaval-solwaster-jalhay\/"}},"_links":{"self":[{"href":"https:\/\/www.tourismejalhaysart.be\/nl\/wp-json\/wp\/v2\/events\/15275","targetHints":{"allow":["GET"]}}],"collection":[{"href":"https:\/\/www.tourismejalhaysart.be\/nl\/wp-json\/wp\/v2\/events"}],"about":[{"href":"https:\/\/www.tourismejalhaysart.be\/nl\/wp-json\/wp\/v2\/types\/events"}],"wp:featuredmedia":[{"embeddable":true,"href":"https:\/\/www.tourismejalhaysart.be\/nl\/wp-json\/wp\/v2\/media\/32644"}],"wp:attachment":[{"href":"https:\/\/www.tourismejalhaysart.be\/nl\/wp-json\/wp\/v2\/media?parent=15275"}],"wp:term":[{"taxonomy":"calendars","embeddable":true,"href":"https:\/\/www.tourismejalhaysart.be\/nl\/wp-json\/wp\/v2\/calendars?post=15275"},{"taxonomy":"categorie-agenda","embeddable":true,"href":"https:\/\/www.tourismejalhaysart.be\/nl\/wp-json\/wp\/v2\/categorie-agenda?post=15275"},{"taxonomy":"venue","embeddable":true,"href":"https:\/\/www.tourismejalhaysart.be\/nl\/wp-json\/wp\/v2\/venue?post=15275"},{"taxonomy":"organizer","embeddable":true,"href":"https:\/\/www.tourismejalhaysart.be\/nl\/wp-json\/wp\/v2\/organizer?post=15275"}],"curies":[{"name":"wp","href":"https:\/\/api.w.org\/{rel}","templated":true}]}}

Grand feu et cortège carnavalesque à Solwaster

<div dir="auto"></div>
<div dir="auto">RDV à 19h30, tous déguisés (parce que sinon c&#8217;est pas drôle)! N&#8217;hésitez pas à en parler autour de vous, on peut enfin refaire la fête ! <span class="pq6dq46d tbxw36s4 knj5qynh kvgmc6g5 ditlmg2l oygrvhab nvdbi5me sf5mxxl7 gl3lb2sf hhz5lgdu"><img decoding="async" src="https://static.xx.fbcdn.net/images/emoji.php/v9/tb1/1.5/16/1f929.png" alt="🤩" width="16" height="16" /></span><span class="pq6dq46d tbxw36s4 knj5qynh kvgmc6g5 ditlmg2l oygrvhab nvdbi5me sf5mxxl7 gl3lb2sf hhz5lgdu"><img decoding="async" src="https://static.xx.fbcdn.net/images/emoji.php/v9/tb1/1.5/16/1f929.png" alt="🤩" width="16" height="16" /></span></div>
<div dir="auto">Infos : <a href="https://www.facebook.com/Solwaster">https://www.facebook.com/Solwaster</a></div>

<!-- This site is optimized with the Yoast SEO plugin v27.5 - https://yoast.com/product/yoast-seo-wordpress/ -->
<title>Grand feu et cortège carnavalesque à Solwaster - Office du Tourisme de Jalhay Sart</title>
<meta name="robots" content="index, follow, max-snippet:-1, max-image-preview:large, max-video-preview:-1" />
<link rel="canonical" href="https://www.tourismejalhaysart.be/nl/events/grand-feu-carnaval-solwaster-jalhay/" />
<meta property="og:locale" content="nl_NL" />
<meta property="og:type" content="article" />
<meta property="og:title" content="Grand feu et cortège carnavalesque à Solwaster - Office du Tourisme de Jalhay Sart" />
<meta property="og:description" content="RDV à 19h30, tous déguisés (parce que sinon c&#8217;est pas drôle)! N&#8217;hésitez pas à en parler autour de vous, on peut enfin refaire la fête ! Infos : https://www.facebook.com/Solwaster" />
<meta property="og:url" content="https://www.tourismejalhaysart.be/nl/events/grand-feu-carnaval-solwaster-jalhay/" />
<meta property="og:site_name" content="Office du Tourisme de Jalhay Sart" />
<meta property="article:modified_time" content="2025-09-13T13:08:50+00:00" />
<meta property="og:image" content="https://www.tourismejalhaysart.be/wp-content/uploads/2016/11/grand-feu-solwaster-1.jpg" />
	<meta property="og:image:width" content="1440" />
	<meta property="og:image:height" content="810" />
	<meta property="og:image:type" content="image/jpeg" />
<meta name="twitter:card" content="summary_large_image" />
<script type="application/ld+json" class="yoast-schema-graph">{"@context":"https:\/\/schema.org","@graph":[{"@type":"WebPage","@id":"https:\/\/www.tourismejalhaysart.be\/nl\/events\/grand-feu-carnaval-solwaster-jalhay\/","url":"https:\/\/www.tourismejalhaysart.be\/nl\/events\/grand-feu-carnaval-solwaster-jalhay\/","name":"Grand feu et cortège carnavalesque à Solwaster - Office du Tourisme de Jalhay Sart","isPartOf":{"@id":"https:\/\/www.tourismejalhaysart.be\/nl\/#website"},"primaryImageOfPage":{"@id":"https:\/\/www.tourismejalhaysart.be\/nl\/events\/grand-feu-carnaval-solwaster-jalhay\/#primaryimage"},"image":{"@id":"https:\/\/www.tourismejalhaysart.be\/nl\/events\/grand-feu-carnaval-solwaster-jalhay\/#primaryimage"},"thumbnailUrl":"https:\/\/www.tourismejalhaysart.be\/wp-content\/uploads\/2016\/11\/grand-feu-solwaster-1.jpg","datePublished":"2016-11-20T11:49:52+00:00","dateModified":"2025-09-13T13:08:50+00:00","breadcrumb":{"@id":"https:\/\/www.tourismejalhaysart.be\/nl\/events\/grand-feu-carnaval-solwaster-jalhay\/#breadcrumb"},"inLanguage":"nl-NL","potentialAction":[{"@type":"ReadAction","target":["https:\/\/www.tourismejalhaysart.be\/nl\/events\/grand-feu-carnaval-solwaster-jalhay\/"]}]},{"@type":"ImageObject","inLanguage":"nl-NL","@id":"https:\/\/www.tourismejalhaysart.be\/nl\/events\/grand-feu-carnaval-solwaster-jalhay\/#primaryimage","url":"https:\/\/www.tourismejalhaysart.be\/wp-content\/uploads\/2016\/11\/grand-feu-solwaster-1.jpg","contentUrl":"https:\/\/www.tourismejalhaysart.be\/wp-content\/uploads\/2016\/11\/grand-feu-solwaster-1.jpg","width":1440,"height":810},{"@type":"BreadcrumbList","@id":"https:\/\/www.tourismejalhaysart.be\/nl\/events\/grand-feu-carnaval-solwaster-jalhay\/#breadcrumb","itemListElement":[{"@type":"ListItem","position":1,"name":"Accueil","item":"https:\/\/www.tourismejalhaysart.be\/nl\/"},{"@type":"ListItem","position":2,"name":"Evenementen","item":"https:\/\/www.tourismejalhaysart.be\/nl\/agenda\/"},{"@type":"ListItem","position":3,"name":"Grand feu et cortège carnavalesque à Solwaster"}]},{"@type":"WebSite","@id":"https:\/\/www.tourismejalhaysart.be\/nl\/#website","url":"https:\/\/www.tourismejalhaysart.be\/nl\/","name":"Office du Tourisme de Jalhay Sart","description":"aux sources de la nature","potentialAction":[{"@type":"SearchAction","target":{"@type":"EntryPoint","urlTemplate":"https:\/\/www.tourismejalhaysart.be\/nl\/?s={search_term_string}"},"query-input":{"@type":"PropertyValueSpecification","valueRequired":true,"valueName":"search_term_string"}}],"inLanguage":"nl-NL"}]}</script>
<!-- / Yoast SEO plugin. -->

Grand feu et cortège carnavalesque à Solwaster - Office du Tourisme de Jalhay Sart

RDV à 19h30, tous déguisés (parce que sinon c&#8217;est pas drôle)! N&#8217;hésitez pas à en parler autour de vous, on peut enfin refaire la fête ! Infos : https://www.facebook.com/Solwaster
