{"version":"1.0","provider_name":"Office du Tourisme de Jalhay Sart","provider_url":"https:\/\/www.tourismejalhaysart.be\/nl\/","title":"place du march\u00e9 sart jalhay","type":"rich","width":600,"height":338,"html":"<blockquote class=\"wp-embedded-content\" data-secret=\"7iAs4fLD9L\"><a href=\"https:\/\/www.tourismejalhaysart.be\/nl\/patrimoine\/place-marche-perron-sart-jalhay\/\">Het perron van Sart<\/a><\/blockquote><iframe sandbox=\"allow-scripts\" security=\"restricted\" src=\"https:\/\/www.tourismejalhaysart.be\/nl\/patrimoine\/place-marche-perron-sart-jalhay\/embed\/#?secret=7iAs4fLD9L\" width=\"600\" height=\"338\" title=\"&#8220;Het perron van Sart&#8221; &#8212; Office du Tourisme de Jalhay Sart\" data-secret=\"7iAs4fLD9L\" frameborder=\"0\" marginwidth=\"0\" marginheight=\"0\" scrolling=\"no\" class=\"wp-embedded-content\"><\/iframe><script type=\"text\/javascript\">\n\/* <![CDATA[ *\/\n\/*! This file is auto-generated *\/\n!function(d,l){\"use strict\";l.querySelector&&d.addEventListener&&\"undefined\"!=typeof URL&&(d.wp=d.wp||{},d.wp.receiveEmbedMessage||(d.wp.receiveEmbedMessage=function(e){var t=e.data;if((t||t.secret||t.message||t.value)&&!\/[^a-zA-Z0-9]\/.test(t.secret)){for(var s,r,n,a=l.querySelectorAll('iframe[data-secret=\"'+t.secret+'\"]'),o=l.querySelectorAll('blockquote[data-secret=\"'+t.secret+'\"]'),c=new RegExp(\"^https?:$\",\"i\"),i=0;i<o.length;i++)o[i].style.display=\"none\";for(i=0;i<a.length;i++)s=a[i],e.source===s.contentWindow&&(s.removeAttribute(\"style\"),\"height\"===t.message?(1e3<(r=parseInt(t.value,10))?r=1e3:~~r<200&&(r=200),s.height=r):\"link\"===t.message&&(r=new URL(s.getAttribute(\"src\")),n=new URL(t.value),c.test(n.protocol))&&n.host===r.host&&l.activeElement===s&&(d.top.location.href=t.value))}},d.addEventListener(\"message\",d.wp.receiveEmbedMessage,!1),l.addEventListener(\"DOMContentLoaded\",function(){for(var e,t,s=l.querySelectorAll(\"iframe.wp-embedded-content\"),r=0;r<s.length;r++)(t=(e=s[r]).getAttribute(\"data-secret\"))||(t=Math.random().toString(36).substring(2,12),e.src+=\"#?secret=\"+t,e.setAttribute(\"data-secret\",t)),e.contentWindow.postMessage({message:\"ready\",secret:t},\"*\")},!1)))}(window,document);\n\/\/# sourceURL=https:\/\/www.tourismejalhaysart.be\/wp-includes\/js\/wp-embed.min.js\n\/* ]]> *\/\n<\/script>\n","thumbnail_url":"https:\/\/www.tourismejalhaysart.be\/wp-content\/uploads\/2016\/04\/perron-de-Sart.jpg","thumbnail_width":150,"thumbnail_height":157,"description":"Place du March\u00e9  C'est une des places les plus remarquables de la province par sa grandeur (53 ares). La place de Sart est appel\u00e9e Place du March\u00e9 car en 1534, le Prince-Ev\u00eaque de Li\u00e8ge, Evrard de la Marck, octroya aux Sartois le droit de tenir un march\u00e9 franc le samedi et d'organiser deux franches foires par an. La place est entour\u00e9e de belles maisons de style gothique"}

place du marché sart jalhay

Place du Marché  C'est une des places les plus remarquables de la province par sa grandeur (53 ares). La place de Sart est appelée Place du Marché car en 1534, le Prince-Evêque de Liège, Evrard de la Marck, octroya aux Sartois le droit de tenir un marché franc le samedi et d'organiser deux franches foires par an. La place est entourée de belles maisons de style gothique
