{"id":26273,"date":"2021-01-27T10:54:34","date_gmt":"2021-01-27T09:54:34","guid":{"rendered":"https:\/\/www.tourismejalhaysart.be\/events\/exposition-peintures-adrien-collin\/"},"modified":"2021-03-14T11:54:24","modified_gmt":"2021-03-14T10:54:24","slug":"exposition-peintures-adrien-collin","status":"publish","type":"events","link":"https:\/\/www.tourismejalhaysart.be\/en\/events\/exposition-peintures-adrien-collin\/","title":{"rendered":"Exposition peintures &#8211; Adrien Collin"},"content":{"rendered":"<p>Reflet d&#8217;esprit<\/p>\n<div dir=\"auto\">Adrien Collin, jeune artiste, est peintre de m\u00e9tier.<\/div>\n<div dir=\"auto\">C&#8217;est en couchant sur la toile ses derniers stocks de peinture qu\u2019il commence \u00e0 d\u00e9velopper sa passion pour l\u2019abstrait.<\/div>\n<div dir=\"auto\">Il puise ses principales inspirations dans la nature.\u00a0Il aime l\u2019id\u00e9e que chacun puisse se faire son avis personnel sur ce qu\u2019il per\u00e7oit dans ses tableaux, alors, n&#8217;h\u00e9sitez pas \u00e0 pousser notre porte!<\/div>\n<div dir=\"auto\"><\/div>\n","protected":false},"featured_media":0,"parent":0,"template":"","calendars":[],"categorie-agenda":[],"venue":[422],"organizer":[497],"class_list":["post-26273","events","type-events","status-publish","hentry","venue-office-du-tourisme-jalhay-sart-en","organizer-office-du-tourisme-jalhay-sart-en"],"acf":[],"yoast_head":"<!-- This site is optimized with the Yoast SEO plugin v27.5 - https:\/\/yoast.com\/product\/yoast-seo-wordpress\/ -->\n<title>Exposition peintures - Adrien Collin - Office du Tourisme de Jalhay Sart<\/title>\n<meta name=\"robots\" content=\"index, follow, max-snippet:-1, max-image-preview:large, max-video-preview:-1\" \/>\n<link rel=\"canonical\" href=\"https:\/\/www.tourismejalhaysart.be\/en\/events\/exposition-peintures-adrien-collin\/\" \/>\n<meta property=\"og:locale\" content=\"en_US\" \/>\n<meta property=\"og:type\" content=\"article\" \/>\n<meta property=\"og:title\" content=\"Exposition peintures - Adrien Collin - Office du Tourisme de Jalhay Sart\" \/>\n<meta property=\"og:description\" content=\"Reflet d&#039;esprit\" \/>\n<meta property=\"og:url\" content=\"https:\/\/www.tourismejalhaysart.be\/en\/events\/exposition-peintures-adrien-collin\/\" \/>\n<meta property=\"og:site_name\" content=\"Office du Tourisme de Jalhay Sart\" \/>\n<meta property=\"article:modified_time\" content=\"2021-03-14T10:54:24+00:00\" \/>\n<meta name=\"twitter:card\" content=\"summary_large_image\" \/>\n<script type=\"application\/ld+json\" class=\"yoast-schema-graph\">{\"@context\":\"https:\\\/\\\/schema.org\",\"@graph\":[{\"@type\":\"WebPage\",\"@id\":\"https:\\\/\\\/www.tourismejalhaysart.be\\\/en\\\/events\\\/exposition-peintures-adrien-collin\\\/\",\"url\":\"https:\\\/\\\/www.tourismejalhaysart.be\\\/en\\\/events\\\/exposition-peintures-adrien-collin\\\/\",\"name\":\"Exposition peintures - Adrien Collin - Office du Tourisme de Jalhay Sart\",\"isPartOf\":{\"@id\":\"https:\\\/\\\/www.tourismejalhaysart.be\\\/en\\\/#website\"},\"datePublished\":\"2021-01-27T09:54:34+00:00\",\"dateModified\":\"2021-03-14T10:54:24+00:00\",\"breadcrumb\":{\"@id\":\"https:\\\/\\\/www.tourismejalhaysart.be\\\/en\\\/events\\\/exposition-peintures-adrien-collin\\\/#breadcrumb\"},\"inLanguage\":\"en-US\",\"potentialAction\":[{\"@type\":\"ReadAction\",\"target\":[\"https:\\\/\\\/www.tourismejalhaysart.be\\\/en\\\/events\\\/exposition-peintures-adrien-collin\\\/\"]}]},{\"@type\":\"BreadcrumbList\",\"@id\":\"https:\\\/\\\/www.tourismejalhaysart.be\\\/en\\\/events\\\/exposition-peintures-adrien-collin\\\/#breadcrumb\",\"itemListElement\":[{\"@type\":\"ListItem\",\"position\":1,\"name\":\"Accueil\",\"item\":\"https:\\\/\\\/www.tourismejalhaysart.be\\\/en\\\/\"},{\"@type\":\"ListItem\",\"position\":2,\"name\":\"Events\",\"item\":\"https:\\\/\\\/www.tourismejalhaysart.be\\\/en\\\/agenda\\\/\"},{\"@type\":\"ListItem\",\"position\":3,\"name\":\"Exposition peintures &#8211; Adrien Collin\"}]},{\"@type\":\"WebSite\",\"@id\":\"https:\\\/\\\/www.tourismejalhaysart.be\\\/en\\\/#website\",\"url\":\"https:\\\/\\\/www.tourismejalhaysart.be\\\/en\\\/\",\"name\":\"Office du Tourisme de Jalhay Sart\",\"description\":\"aux sources de la nature\",\"potentialAction\":[{\"@type\":\"SearchAction\",\"target\":{\"@type\":\"EntryPoint\",\"urlTemplate\":\"https:\\\/\\\/www.tourismejalhaysart.be\\\/en\\\/?s={search_term_string}\"},\"query-input\":{\"@type\":\"PropertyValueSpecification\",\"valueRequired\":true,\"valueName\":\"search_term_string\"}}],\"inLanguage\":\"en-US\"}]}<\/script>\n<!-- \/ Yoast SEO plugin. -->","yoast_head_json":{"title":"Exposition peintures - Adrien Collin - Office du Tourisme de Jalhay Sart","robots":{"index":"index","follow":"follow","max-snippet":"max-snippet:-1","max-image-preview":"max-image-preview:large","max-video-preview":"max-video-preview:-1"},"canonical":"https:\/\/www.tourismejalhaysart.be\/en\/events\/exposition-peintures-adrien-collin\/","og_locale":"en_US","og_type":"article","og_title":"Exposition peintures - Adrien Collin - Office du Tourisme de Jalhay Sart","og_description":"Reflet d'esprit","og_url":"https:\/\/www.tourismejalhaysart.be\/en\/events\/exposition-peintures-adrien-collin\/","og_site_name":"Office du Tourisme de Jalhay Sart","article_modified_time":"2021-03-14T10:54:24+00:00","twitter_card":"summary_large_image","schema":{"@context":"https:\/\/schema.org","@graph":[{"@type":"WebPage","@id":"https:\/\/www.tourismejalhaysart.be\/en\/events\/exposition-peintures-adrien-collin\/","url":"https:\/\/www.tourismejalhaysart.be\/en\/events\/exposition-peintures-adrien-collin\/","name":"Exposition peintures - Adrien Collin - Office du Tourisme de Jalhay Sart","isPartOf":{"@id":"https:\/\/www.tourismejalhaysart.be\/en\/#website"},"datePublished":"2021-01-27T09:54:34+00:00","dateModified":"2021-03-14T10:54:24+00:00","breadcrumb":{"@id":"https:\/\/www.tourismejalhaysart.be\/en\/events\/exposition-peintures-adrien-collin\/#breadcrumb"},"inLanguage":"en-US","potentialAction":[{"@type":"ReadAction","target":["https:\/\/www.tourismejalhaysart.be\/en\/events\/exposition-peintures-adrien-collin\/"]}]},{"@type":"BreadcrumbList","@id":"https:\/\/www.tourismejalhaysart.be\/en\/events\/exposition-peintures-adrien-collin\/#breadcrumb","itemListElement":[{"@type":"ListItem","position":1,"name":"Accueil","item":"https:\/\/www.tourismejalhaysart.be\/en\/"},{"@type":"ListItem","position":2,"name":"Events","item":"https:\/\/www.tourismejalhaysart.be\/en\/agenda\/"},{"@type":"ListItem","position":3,"name":"Exposition peintures &#8211; Adrien Collin"}]},{"@type":"WebSite","@id":"https:\/\/www.tourismejalhaysart.be\/en\/#website","url":"https:\/\/www.tourismejalhaysart.be\/en\/","name":"Office du Tourisme de Jalhay Sart","description":"aux sources de la nature","potentialAction":[{"@type":"SearchAction","target":{"@type":"EntryPoint","urlTemplate":"https:\/\/www.tourismejalhaysart.be\/en\/?s={search_term_string}"},"query-input":{"@type":"PropertyValueSpecification","valueRequired":true,"valueName":"search_term_string"}}],"inLanguage":"en-US"}]}},"wpml_current_locale":"en_US","wpml_translations":{"de_DE":{"locale":"de_DE","id":26274,"slug":"exposition-peintures-adrien-collin","post_title":"Exposition peintures - Adrien Collin","href":"https:\/\/www.tourismejalhaysart.be\/de\/events\/exposition-peintures-adrien-collin\/"}},"_links":{"self":[{"href":"https:\/\/www.tourismejalhaysart.be\/en\/wp-json\/wp\/v2\/events\/26273","targetHints":{"allow":["GET"]}}],"collection":[{"href":"https:\/\/www.tourismejalhaysart.be\/en\/wp-json\/wp\/v2\/events"}],"about":[{"href":"https:\/\/www.tourismejalhaysart.be\/en\/wp-json\/wp\/v2\/types\/events"}],"wp:attachment":[{"href":"https:\/\/www.tourismejalhaysart.be\/en\/wp-json\/wp\/v2\/media?parent=26273"}],"wp:term":[{"taxonomy":"calendars","embeddable":true,"href":"https:\/\/www.tourismejalhaysart.be\/en\/wp-json\/wp\/v2\/calendars?post=26273"},{"taxonomy":"categorie-agenda","embeddable":true,"href":"https:\/\/www.tourismejalhaysart.be\/en\/wp-json\/wp\/v2\/categorie-agenda?post=26273"},{"taxonomy":"venue","embeddable":true,"href":"https:\/\/www.tourismejalhaysart.be\/en\/wp-json\/wp\/v2\/venue?post=26273"},{"taxonomy":"organizer","embeddable":true,"href":"https:\/\/www.tourismejalhaysart.be\/en\/wp-json\/wp\/v2\/organizer?post=26273"}],"curies":[{"name":"wp","href":"https:\/\/api.w.org\/{rel}","templated":true}]}}

<p>Reflet d&#8217;esprit</p>
<div dir="auto">Adrien Collin, jeune artiste, est peintre de métier.</div>
<div dir="auto">C&#8217;est en couchant sur la toile ses derniers stocks de peinture qu’il commence à développer sa passion pour l’abstrait.</div>
<div dir="auto">Il puise ses principales inspirations dans la nature. Il aime l’idée que chacun puisse se faire son avis personnel sur ce qu’il perçoit dans ses tableaux, alors, n&#8217;hésitez pas à pousser notre porte!</div>
<div dir="auto"></div>
