{"id":15160,"date":"2017-01-12T15:14:05","date_gmt":"2017-01-12T14:14:05","guid":{"rendered":"http:\/\/www.tourismejalhaysart.be\/events\/marche-du-terroir-a-sart\/"},"modified":"2020-04-02T09:54:38","modified_gmt":"2020-04-02T08:54:38","slug":"marche-du-terroir-a-sart","status":"publish","type":"events","link":"https:\/\/www.tourismejalhaysart.be\/en\/events\/marche-du-terroir-a-sart\/","title":{"rendered":"March\u00e9 du Terroir \u00e0 Sart"},"content":{"rendered":"<p>March\u00e9 de produits de bouche, locaux et du terroir. Vous y trouverez les produits tels que :<\/p>\n<p>L\u00e9gumes, graines, plants, semis bio, huile d&#8217;olive bio, huile aromatique bio, olives bio, miel bio, bi\u00e8res artisanales, croquettes et fondus artisanaux, fromage Sart\u00e9, confitures, viandes, confiserie artisanale, P\u00e2tes fra\u00eeches, \u00e9picerie du terroir, alimentation bio et\/ou locale non p\u00e9rissable (riz, p\u00e2tes, farine, sucre, vinaigre, c\u00e9r\u00e9ales, graine,\u2026) th\u00e9, caf\u00e9, cosm\u00e9tiques (savons, d\u00e9odorants, shampooing et dentifrice solide), accessoires en tissu (sacs, lingettes d\u00e9maquillantes lavables) wrapis (tissu imbib\u00e9 de cire d&#8217;abeille rempla\u00e7ant le cellophane), glaces artisanales, gaufres, plats &#8220;fait maison&#8221; (quiches, panini, cornets de p\u00e2tes, quiches), Viande Rouge Pie de l&#8217;Est &#8211; Viande matur\u00e9e, Bagel Burger artisanaux,<br \/>\ntapas cuisin\u00e9s \u00e0 la plancha, \u00e9pices, sp\u00e9cialit\u00e9s vietnamiennes, fromages de ch\u00e8vres au lait cru, yaourts de ch\u00e8vres, savons au lait de ch\u00e8vre, sirop de poires et de pommes et jus de pommes, vins blancs, ros\u00e9s, rouges, potages frais faits maison, charcuteries, pains etc&#8230;<br \/>\nIl y en aura pour tous les go\u00fbts !<\/p>\n<p>L&#8217;occasion de cr\u00e9er des rencontres entre les producteurs locaux et les consommateurs et de mettre \u00e0 l&#8217;honneur le plaisir de travailler et de savourer des produits r\u00e9gionaux et du terroir.<\/p>\n<p>Vendredi octobre 2020 de 15h00 \u00e0 21h00, sur la Place du March\u00e9 de Sart.<\/p>\n","protected":false},"featured_media":24133,"parent":0,"template":"","calendars":[],"categorie-agenda":[],"venue":[696],"organizer":[811],"class_list":["post-15160","events","type-events","status-publish","has-post-thumbnail","hentry","venue-place-du-marche-sart-en","organizer-asbl-terroir-de-sart-en"],"acf":[],"yoast_head":"<!-- This site is optimized with the Yoast SEO plugin v27.5 - https:\/\/yoast.com\/product\/yoast-seo-wordpress\/ -->\n<title>March\u00e9 du Terroir \u00e0 Sart - Office du Tourisme de Jalhay Sart<\/title>\n<meta name=\"robots\" content=\"index, follow, max-snippet:-1, max-image-preview:large, max-video-preview:-1\" \/>\n<link rel=\"canonical\" href=\"https:\/\/www.tourismejalhaysart.be\/en\/events\/marche-du-terroir-a-sart\/\" \/>\n<meta property=\"og:locale\" content=\"en_US\" \/>\n<meta property=\"og:type\" content=\"article\" \/>\n<meta property=\"og:title\" content=\"March\u00e9 du Terroir \u00e0 Sart - Office du Tourisme de Jalhay Sart\" \/>\n<meta property=\"og:description\" content=\"March\u00e9 de produits de bouche, locaux et du terroir. Vous y trouverez les produits tels que : L\u00e9gumes, graines, plants, semis bio, huile d&#8217;olive bio, huile aromatique bio, olives bio, miel bio, bi\u00e8res artisanales, croquettes et fondus artisanaux, fromage Sart\u00e9, confitures, viandes, confiserie artisanale, P\u00e2tes fra\u00eeches, \u00e9picerie du terroir, alimentation bio et\/ou locale non p\u00e9rissable [&hellip;]\" \/>\n<meta property=\"og:url\" content=\"https:\/\/www.tourismejalhaysart.be\/en\/events\/marche-du-terroir-a-sart\/\" \/>\n<meta property=\"og:site_name\" content=\"Office du Tourisme de Jalhay Sart\" \/>\n<meta property=\"article:modified_time\" content=\"2020-04-02T08:54:38+00:00\" \/>\n<meta property=\"og:image\" content=\"https:\/\/www.tourismejalhaysart.be\/wp-content\/uploads\/2017\/01\/IMG_1809-1024x683.jpg\" \/>\n\t<meta property=\"og:image:width\" content=\"1024\" \/>\n\t<meta property=\"og:image:height\" content=\"683\" \/>\n\t<meta property=\"og:image:type\" content=\"image\/jpeg\" \/>\n<meta name=\"twitter:card\" content=\"summary_large_image\" \/>\n<meta name=\"twitter:label1\" content=\"Est. reading time\" \/>\n\t<meta name=\"twitter:data1\" content=\"1 minute\" \/>\n<script type=\"application\/ld+json\" class=\"yoast-schema-graph\">{\"@context\":\"https:\\\/\\\/schema.org\",\"@graph\":[{\"@type\":\"WebPage\",\"@id\":\"https:\\\/\\\/www.tourismejalhaysart.be\\\/en\\\/events\\\/marche-du-terroir-a-sart\\\/\",\"url\":\"https:\\\/\\\/www.tourismejalhaysart.be\\\/en\\\/events\\\/marche-du-terroir-a-sart\\\/\",\"name\":\"March\u00e9 du Terroir \u00e0 Sart - Office du Tourisme de Jalhay Sart\",\"isPartOf\":{\"@id\":\"https:\\\/\\\/www.tourismejalhaysart.be\\\/en\\\/#website\"},\"primaryImageOfPage\":{\"@id\":\"https:\\\/\\\/www.tourismejalhaysart.be\\\/en\\\/events\\\/marche-du-terroir-a-sart\\\/#primaryimage\"},\"image\":{\"@id\":\"https:\\\/\\\/www.tourismejalhaysart.be\\\/en\\\/events\\\/marche-du-terroir-a-sart\\\/#primaryimage\"},\"thumbnailUrl\":\"https:\\\/\\\/www.tourismejalhaysart.be\\\/wp-content\\\/uploads\\\/2017\\\/01\\\/IMG_1809.jpg\",\"datePublished\":\"2017-01-12T14:14:05+00:00\",\"dateModified\":\"2020-04-02T08:54:38+00:00\",\"breadcrumb\":{\"@id\":\"https:\\\/\\\/www.tourismejalhaysart.be\\\/en\\\/events\\\/marche-du-terroir-a-sart\\\/#breadcrumb\"},\"inLanguage\":\"en-US\",\"potentialAction\":[{\"@type\":\"ReadAction\",\"target\":[\"https:\\\/\\\/www.tourismejalhaysart.be\\\/en\\\/events\\\/marche-du-terroir-a-sart\\\/\"]}]},{\"@type\":\"ImageObject\",\"inLanguage\":\"en-US\",\"@id\":\"https:\\\/\\\/www.tourismejalhaysart.be\\\/en\\\/events\\\/marche-du-terroir-a-sart\\\/#primaryimage\",\"url\":\"https:\\\/\\\/www.tourismejalhaysart.be\\\/wp-content\\\/uploads\\\/2017\\\/01\\\/IMG_1809.jpg\",\"contentUrl\":\"https:\\\/\\\/www.tourismejalhaysart.be\\\/wp-content\\\/uploads\\\/2017\\\/01\\\/IMG_1809.jpg\",\"width\":2560,\"height\":1707},{\"@type\":\"BreadcrumbList\",\"@id\":\"https:\\\/\\\/www.tourismejalhaysart.be\\\/en\\\/events\\\/marche-du-terroir-a-sart\\\/#breadcrumb\",\"itemListElement\":[{\"@type\":\"ListItem\",\"position\":1,\"name\":\"Accueil\",\"item\":\"https:\\\/\\\/www.tourismejalhaysart.be\\\/en\\\/\"},{\"@type\":\"ListItem\",\"position\":2,\"name\":\"Events\",\"item\":\"https:\\\/\\\/www.tourismejalhaysart.be\\\/en\\\/agenda\\\/\"},{\"@type\":\"ListItem\",\"position\":3,\"name\":\"March\u00e9 du Terroir \u00e0 Sart\"}]},{\"@type\":\"WebSite\",\"@id\":\"https:\\\/\\\/www.tourismejalhaysart.be\\\/en\\\/#website\",\"url\":\"https:\\\/\\\/www.tourismejalhaysart.be\\\/en\\\/\",\"name\":\"Office du Tourisme de Jalhay Sart\",\"description\":\"aux sources de la nature\",\"potentialAction\":[{\"@type\":\"SearchAction\",\"target\":{\"@type\":\"EntryPoint\",\"urlTemplate\":\"https:\\\/\\\/www.tourismejalhaysart.be\\\/en\\\/?s={search_term_string}\"},\"query-input\":{\"@type\":\"PropertyValueSpecification\",\"valueRequired\":true,\"valueName\":\"search_term_string\"}}],\"inLanguage\":\"en-US\"}]}<\/script>\n<!-- \/ Yoast SEO plugin. -->","yoast_head_json":{"title":"March\u00e9 du Terroir \u00e0 Sart - Office du Tourisme de Jalhay Sart","robots":{"index":"index","follow":"follow","max-snippet":"max-snippet:-1","max-image-preview":"max-image-preview:large","max-video-preview":"max-video-preview:-1"},"canonical":"https:\/\/www.tourismejalhaysart.be\/en\/events\/marche-du-terroir-a-sart\/","og_locale":"en_US","og_type":"article","og_title":"March\u00e9 du Terroir \u00e0 Sart - Office du Tourisme de Jalhay Sart","og_description":"March\u00e9 de produits de bouche, locaux et du terroir. Vous y trouverez les produits tels que : L\u00e9gumes, graines, plants, semis bio, huile d&#8217;olive bio, huile aromatique bio, olives bio, miel bio, bi\u00e8res artisanales, croquettes et fondus artisanaux, fromage Sart\u00e9, confitures, viandes, confiserie artisanale, P\u00e2tes fra\u00eeches, \u00e9picerie du terroir, alimentation bio et\/ou locale non p\u00e9rissable [&hellip;]","og_url":"https:\/\/www.tourismejalhaysart.be\/en\/events\/marche-du-terroir-a-sart\/","og_site_name":"Office du Tourisme de Jalhay Sart","article_modified_time":"2020-04-02T08:54:38+00:00","og_image":[{"width":1024,"height":683,"url":"https:\/\/www.tourismejalhaysart.be\/wp-content\/uploads\/2017\/01\/IMG_1809-1024x683.jpg","type":"image\/jpeg"}],"twitter_card":"summary_large_image","twitter_misc":{"Est. reading time":"1 minute"},"schema":{"@context":"https:\/\/schema.org","@graph":[{"@type":"WebPage","@id":"https:\/\/www.tourismejalhaysart.be\/en\/events\/marche-du-terroir-a-sart\/","url":"https:\/\/www.tourismejalhaysart.be\/en\/events\/marche-du-terroir-a-sart\/","name":"March\u00e9 du Terroir \u00e0 Sart - Office du Tourisme de Jalhay Sart","isPartOf":{"@id":"https:\/\/www.tourismejalhaysart.be\/en\/#website"},"primaryImageOfPage":{"@id":"https:\/\/www.tourismejalhaysart.be\/en\/events\/marche-du-terroir-a-sart\/#primaryimage"},"image":{"@id":"https:\/\/www.tourismejalhaysart.be\/en\/events\/marche-du-terroir-a-sart\/#primaryimage"},"thumbnailUrl":"https:\/\/www.tourismejalhaysart.be\/wp-content\/uploads\/2017\/01\/IMG_1809.jpg","datePublished":"2017-01-12T14:14:05+00:00","dateModified":"2020-04-02T08:54:38+00:00","breadcrumb":{"@id":"https:\/\/www.tourismejalhaysart.be\/en\/events\/marche-du-terroir-a-sart\/#breadcrumb"},"inLanguage":"en-US","potentialAction":[{"@type":"ReadAction","target":["https:\/\/www.tourismejalhaysart.be\/en\/events\/marche-du-terroir-a-sart\/"]}]},{"@type":"ImageObject","inLanguage":"en-US","@id":"https:\/\/www.tourismejalhaysart.be\/en\/events\/marche-du-terroir-a-sart\/#primaryimage","url":"https:\/\/www.tourismejalhaysart.be\/wp-content\/uploads\/2017\/01\/IMG_1809.jpg","contentUrl":"https:\/\/www.tourismejalhaysart.be\/wp-content\/uploads\/2017\/01\/IMG_1809.jpg","width":2560,"height":1707},{"@type":"BreadcrumbList","@id":"https:\/\/www.tourismejalhaysart.be\/en\/events\/marche-du-terroir-a-sart\/#breadcrumb","itemListElement":[{"@type":"ListItem","position":1,"name":"Accueil","item":"https:\/\/www.tourismejalhaysart.be\/en\/"},{"@type":"ListItem","position":2,"name":"Events","item":"https:\/\/www.tourismejalhaysart.be\/en\/agenda\/"},{"@type":"ListItem","position":3,"name":"March\u00e9 du Terroir \u00e0 Sart"}]},{"@type":"WebSite","@id":"https:\/\/www.tourismejalhaysart.be\/en\/#website","url":"https:\/\/www.tourismejalhaysart.be\/en\/","name":"Office du Tourisme de Jalhay Sart","description":"aux sources de la nature","potentialAction":[{"@type":"SearchAction","target":{"@type":"EntryPoint","urlTemplate":"https:\/\/www.tourismejalhaysart.be\/en\/?s={search_term_string}"},"query-input":{"@type":"PropertyValueSpecification","valueRequired":true,"valueName":"search_term_string"}}],"inLanguage":"en-US"}]}},"wpml_current_locale":"en_US","wpml_translations":{"de_DE":{"locale":"de_DE","id":15158,"slug":"marche-du-terroir-a-sart","post_title":"March\u00e9 du Terroir \u00e0 Sart","href":"https:\/\/www.tourismejalhaysart.be\/de\/events\/marche-du-terroir-a-sart\/"}},"_links":{"self":[{"href":"https:\/\/www.tourismejalhaysart.be\/en\/wp-json\/wp\/v2\/events\/15160","targetHints":{"allow":["GET"]}}],"collection":[{"href":"https:\/\/www.tourismejalhaysart.be\/en\/wp-json\/wp\/v2\/events"}],"about":[{"href":"https:\/\/www.tourismejalhaysart.be\/en\/wp-json\/wp\/v2\/types\/events"}],"wp:featuredmedia":[{"embeddable":true,"href":"https:\/\/www.tourismejalhaysart.be\/en\/wp-json\/wp\/v2\/media\/24133"}],"wp:attachment":[{"href":"https:\/\/www.tourismejalhaysart.be\/en\/wp-json\/wp\/v2\/media?parent=15160"}],"wp:term":[{"taxonomy":"calendars","embeddable":true,"href":"https:\/\/www.tourismejalhaysart.be\/en\/wp-json\/wp\/v2\/calendars?post=15160"},{"taxonomy":"categorie-agenda","embeddable":true,"href":"https:\/\/www.tourismejalhaysart.be\/en\/wp-json\/wp\/v2\/categorie-agenda?post=15160"},{"taxonomy":"venue","embeddable":true,"href":"https:\/\/www.tourismejalhaysart.be\/en\/wp-json\/wp\/v2\/venue?post=15160"},{"taxonomy":"organizer","embeddable":true,"href":"https:\/\/www.tourismejalhaysart.be\/en\/wp-json\/wp\/v2\/organizer?post=15160"}],"curies":[{"name":"wp","href":"https:\/\/api.w.org\/{rel}","templated":true}]}}

Marché du Terroir à Sart

<p>Marché de produits de bouche, locaux et du terroir. Vous y trouverez les produits tels que :</p>
<p>Légumes, graines, plants, semis bio, huile d&#8217;olive bio, huile aromatique bio, olives bio, miel bio, bières artisanales, croquettes et fondus artisanaux, fromage Sarté, confitures, viandes, confiserie artisanale, Pâtes fraîches, épicerie du terroir, alimentation bio et/ou locale non périssable (riz, pâtes, farine, sucre, vinaigre, céréales, graine,…) thé, café, cosmétiques (savons, déodorants, shampooing et dentifrice solide), accessoires en tissu (sacs, lingettes démaquillantes lavables) wrapis (tissu imbibé de cire d&#8217;abeille remplaçant le cellophane), glaces artisanales, gaufres, plats &#8220;fait maison&#8221; (quiches, panini, cornets de pâtes, quiches), Viande Rouge Pie de l&#8217;Est &#8211; Viande maturée, Bagel Burger artisanaux,<br />
tapas cuisinés à la plancha, épices, spécialités vietnamiennes, fromages de chèvres au lait cru, yaourts de chèvres, savons au lait de chèvre, sirop de poires et de pommes et jus de pommes, vins blancs, rosés, rouges, potages frais faits maison, charcuteries, pains etc&#8230;<br />
Il y en aura pour tous les goûts !</p>
<p>L&#8217;occasion de créer des rencontres entre les producteurs locaux et les consommateurs et de mettre à l&#8217;honneur le plaisir de travailler et de savourer des produits régionaux et du terroir.</p>
<p>Vendredi octobre 2020 de 15h00 à 21h00, sur la Place du Marché de Sart.</p>

<!-- This site is optimized with the Yoast SEO plugin v27.5 - https://yoast.com/product/yoast-seo-wordpress/ -->
<title>Marché du Terroir à Sart - Office du Tourisme de Jalhay Sart</title>
<meta name="robots" content="index, follow, max-snippet:-1, max-image-preview:large, max-video-preview:-1" />
<link rel="canonical" href="https://www.tourismejalhaysart.be/en/events/marche-du-terroir-a-sart/" />
<meta property="og:locale" content="en_US" />
<meta property="og:type" content="article" />
<meta property="og:title" content="Marché du Terroir à Sart - Office du Tourisme de Jalhay Sart" />
<meta property="og:description" content="Marché de produits de bouche, locaux et du terroir. Vous y trouverez les produits tels que : Légumes, graines, plants, semis bio, huile d&#8217;olive bio, huile aromatique bio, olives bio, miel bio, bières artisanales, croquettes et fondus artisanaux, fromage Sarté, confitures, viandes, confiserie artisanale, Pâtes fraîches, épicerie du terroir, alimentation bio et/ou locale non périssable [&hellip;]" />
<meta property="og:url" content="https://www.tourismejalhaysart.be/en/events/marche-du-terroir-a-sart/" />
<meta property="og:site_name" content="Office du Tourisme de Jalhay Sart" />
<meta property="article:modified_time" content="2020-04-02T08:54:38+00:00" />
<meta property="og:image" content="https://www.tourismejalhaysart.be/wp-content/uploads/2017/01/IMG_1809-1024x683.jpg" />
	<meta property="og:image:width" content="1024" />
	<meta property="og:image:height" content="683" />
	<meta property="og:image:type" content="image/jpeg" />
<meta name="twitter:card" content="summary_large_image" />
<meta name="twitter:label1" content="Est. reading time" />
	<meta name="twitter:data1" content="1 minute" />
<script type="application/ld+json" class="yoast-schema-graph">{"@context":"https:\/\/schema.org","@graph":[{"@type":"WebPage","@id":"https:\/\/www.tourismejalhaysart.be\/en\/events\/marche-du-terroir-a-sart\/","url":"https:\/\/www.tourismejalhaysart.be\/en\/events\/marche-du-terroir-a-sart\/","name":"Marché du Terroir à Sart - Office du Tourisme de Jalhay Sart","isPartOf":{"@id":"https:\/\/www.tourismejalhaysart.be\/en\/#website"},"primaryImageOfPage":{"@id":"https:\/\/www.tourismejalhaysart.be\/en\/events\/marche-du-terroir-a-sart\/#primaryimage"},"image":{"@id":"https:\/\/www.tourismejalhaysart.be\/en\/events\/marche-du-terroir-a-sart\/#primaryimage"},"thumbnailUrl":"https:\/\/www.tourismejalhaysart.be\/wp-content\/uploads\/2017\/01\/IMG_1809.jpg","datePublished":"2017-01-12T14:14:05+00:00","dateModified":"2020-04-02T08:54:38+00:00","breadcrumb":{"@id":"https:\/\/www.tourismejalhaysart.be\/en\/events\/marche-du-terroir-a-sart\/#breadcrumb"},"inLanguage":"en-US","potentialAction":[{"@type":"ReadAction","target":["https:\/\/www.tourismejalhaysart.be\/en\/events\/marche-du-terroir-a-sart\/"]}]},{"@type":"ImageObject","inLanguage":"en-US","@id":"https:\/\/www.tourismejalhaysart.be\/en\/events\/marche-du-terroir-a-sart\/#primaryimage","url":"https:\/\/www.tourismejalhaysart.be\/wp-content\/uploads\/2017\/01\/IMG_1809.jpg","contentUrl":"https:\/\/www.tourismejalhaysart.be\/wp-content\/uploads\/2017\/01\/IMG_1809.jpg","width":2560,"height":1707},{"@type":"BreadcrumbList","@id":"https:\/\/www.tourismejalhaysart.be\/en\/events\/marche-du-terroir-a-sart\/#breadcrumb","itemListElement":[{"@type":"ListItem","position":1,"name":"Accueil","item":"https:\/\/www.tourismejalhaysart.be\/en\/"},{"@type":"ListItem","position":2,"name":"Events","item":"https:\/\/www.tourismejalhaysart.be\/en\/agenda\/"},{"@type":"ListItem","position":3,"name":"Marché du Terroir à Sart"}]},{"@type":"WebSite","@id":"https:\/\/www.tourismejalhaysart.be\/en\/#website","url":"https:\/\/www.tourismejalhaysart.be\/en\/","name":"Office du Tourisme de Jalhay Sart","description":"aux sources de la nature","potentialAction":[{"@type":"SearchAction","target":{"@type":"EntryPoint","urlTemplate":"https:\/\/www.tourismejalhaysart.be\/en\/?s={search_term_string}"},"query-input":{"@type":"PropertyValueSpecification","valueRequired":true,"valueName":"search_term_string"}}],"inLanguage":"en-US"}]}</script>
<!-- / Yoast SEO plugin. -->

Marché du Terroir à Sart - Office du Tourisme de Jalhay Sart

Marché de produits de bouche, locaux et du terroir. Vous y trouverez les produits tels que : Légumes, graines, plants, semis bio, huile d&#8217;olive bio, huile aromatique bio, olives bio, miel bio, bières artisanales, croquettes et fondus artisanaux, fromage Sarté, confitures, viandes, confiserie artisanale, Pâtes fraîches, épicerie du terroir, alimentation bio et/ou locale non périssable [&hellip;]
