{"id":15105,"date":"2017-02-10T11:20:19","date_gmt":"2017-02-10T10:20:19","guid":{"rendered":"http:\/\/www.tourismejalhaysart.be\/events\/promenade-guidee-les-hautes-fagnes-un-milieu-exceptionnel-a-decouvrir\/"},"modified":"2017-02-10T11:20:19","modified_gmt":"2017-02-10T10:20:19","slug":"promenade-guidee-les-hautes-fagnes-un-milieu-exceptionnel-a-decouvrir","status":"publish","type":"events","link":"https:\/\/www.tourismejalhaysart.be\/de\/events\/promenade-guidee-les-hautes-fagnes-un-milieu-exceptionnel-a-decouvrir\/","title":{"rendered":"Promenade Guidee: \u00ab Les Hautes fagnes, un milieu exceptionnel \u00e0 d\u00e9couvrir."},"content":{"rendered":"<p><em>!!!! Tr\u00e8s bonnes chaussures de marche et ou de pr\u00e9f\u00e9rence des bottes s\u2019il a beaucoup plu durant les jours qui pr\u00e9c\u00e8dent la balade.<\/em><\/p>\n<p>Dur\u00e9e : +\/- 15 km de 10h \u00e0 17h.<\/p>\n<p>D\u00e9part : OTJS \u00e0 9h30 et covoiturage jusqu\u2019\u00e0 Botrange ; le toit de la Belgique.<\/p>\n<p>Guide FR\/NL : Monsieur Marcel JEROME. T\u00e9l : 0478\/933 455<\/p>\n","protected":false},"featured_media":0,"parent":0,"template":"","calendars":[],"categorie-agenda":[],"venue":[],"organizer":[],"class_list":["post-15105","events","type-events","status-publish","hentry"],"acf":[],"yoast_head":"<!-- This site is optimized with the Yoast SEO plugin v27.5 - https:\/\/yoast.com\/product\/yoast-seo-wordpress\/ -->\n<title>Promenade Guidee: \u00ab Les Hautes fagnes, un milieu exceptionnel \u00e0 d\u00e9couvrir. - Office du Tourisme de Jalhay Sart<\/title>\n<meta name=\"robots\" content=\"index, follow, max-snippet:-1, max-image-preview:large, max-video-preview:-1\" \/>\n<link rel=\"canonical\" href=\"https:\/\/www.tourismejalhaysart.be\/de\/events\/promenade-guidee-les-hautes-fagnes-un-milieu-exceptionnel-a-decouvrir\/\" \/>\n<meta property=\"og:locale\" content=\"de_DE\" \/>\n<meta property=\"og:type\" content=\"article\" \/>\n<meta property=\"og:title\" content=\"Promenade Guidee: \u00ab Les Hautes fagnes, un milieu exceptionnel \u00e0 d\u00e9couvrir. - Office du Tourisme de Jalhay Sart\" \/>\n<meta property=\"og:description\" content=\"!!!! Tr\u00e8s bonnes chaussures de marche et ou de pr\u00e9f\u00e9rence des bottes s\u2019il a beaucoup plu durant les jours qui pr\u00e9c\u00e8dent la balade. Dur\u00e9e : +\/- 15 km de 10h \u00e0 17h. D\u00e9part : OTJS \u00e0 9h30 et covoiturage jusqu\u2019\u00e0 Botrange ; le toit de la Belgique. Guide FR\/NL : Monsieur Marcel JEROME. T\u00e9l : [&hellip;]\" \/>\n<meta property=\"og:url\" content=\"https:\/\/www.tourismejalhaysart.be\/de\/events\/promenade-guidee-les-hautes-fagnes-un-milieu-exceptionnel-a-decouvrir\/\" \/>\n<meta property=\"og:site_name\" content=\"Office du Tourisme de Jalhay Sart\" \/>\n<meta name=\"twitter:card\" content=\"summary_large_image\" \/>\n<script type=\"application\/ld+json\" class=\"yoast-schema-graph\">{\"@context\":\"https:\\\/\\\/schema.org\",\"@graph\":[{\"@type\":\"WebPage\",\"@id\":\"https:\\\/\\\/www.tourismejalhaysart.be\\\/de\\\/events\\\/promenade-guidee-les-hautes-fagnes-un-milieu-exceptionnel-a-decouvrir\\\/\",\"url\":\"https:\\\/\\\/www.tourismejalhaysart.be\\\/de\\\/events\\\/promenade-guidee-les-hautes-fagnes-un-milieu-exceptionnel-a-decouvrir\\\/\",\"name\":\"Promenade Guidee: \u00ab Les Hautes fagnes, un milieu exceptionnel \u00e0 d\u00e9couvrir. - Office du Tourisme de Jalhay Sart\",\"isPartOf\":{\"@id\":\"https:\\\/\\\/www.tourismejalhaysart.be\\\/de\\\/#website\"},\"datePublished\":\"2017-02-10T10:20:19+00:00\",\"breadcrumb\":{\"@id\":\"https:\\\/\\\/www.tourismejalhaysart.be\\\/de\\\/events\\\/promenade-guidee-les-hautes-fagnes-un-milieu-exceptionnel-a-decouvrir\\\/#breadcrumb\"},\"inLanguage\":\"de\",\"potentialAction\":[{\"@type\":\"ReadAction\",\"target\":[\"https:\\\/\\\/www.tourismejalhaysart.be\\\/de\\\/events\\\/promenade-guidee-les-hautes-fagnes-un-milieu-exceptionnel-a-decouvrir\\\/\"]}]},{\"@type\":\"BreadcrumbList\",\"@id\":\"https:\\\/\\\/www.tourismejalhaysart.be\\\/de\\\/events\\\/promenade-guidee-les-hautes-fagnes-un-milieu-exceptionnel-a-decouvrir\\\/#breadcrumb\",\"itemListElement\":[{\"@type\":\"ListItem\",\"position\":1,\"name\":\"Accueil\",\"item\":\"https:\\\/\\\/www.tourismejalhaysart.be\\\/de\\\/\"},{\"@type\":\"ListItem\",\"position\":2,\"name\":\"Veranstaltungen\",\"item\":\"https:\\\/\\\/www.tourismejalhaysart.be\\\/de\\\/agenda\\\/\"},{\"@type\":\"ListItem\",\"position\":3,\"name\":\"Promenade Guidee: \u00ab Les Hautes fagnes, un milieu exceptionnel \u00e0 d\u00e9couvrir.\"}]},{\"@type\":\"WebSite\",\"@id\":\"https:\\\/\\\/www.tourismejalhaysart.be\\\/de\\\/#website\",\"url\":\"https:\\\/\\\/www.tourismejalhaysart.be\\\/de\\\/\",\"name\":\"Office du Tourisme de Jalhay Sart\",\"description\":\"aux sources de la nature\",\"potentialAction\":[{\"@type\":\"SearchAction\",\"target\":{\"@type\":\"EntryPoint\",\"urlTemplate\":\"https:\\\/\\\/www.tourismejalhaysart.be\\\/de\\\/?s={search_term_string}\"},\"query-input\":{\"@type\":\"PropertyValueSpecification\",\"valueRequired\":true,\"valueName\":\"search_term_string\"}}],\"inLanguage\":\"de\"}]}<\/script>\n<!-- \/ Yoast SEO plugin. -->","yoast_head_json":{"title":"Promenade Guidee: \u00ab Les Hautes fagnes, un milieu exceptionnel \u00e0 d\u00e9couvrir. - Office du Tourisme de Jalhay Sart","robots":{"index":"index","follow":"follow","max-snippet":"max-snippet:-1","max-image-preview":"max-image-preview:large","max-video-preview":"max-video-preview:-1"},"canonical":"https:\/\/www.tourismejalhaysart.be\/de\/events\/promenade-guidee-les-hautes-fagnes-un-milieu-exceptionnel-a-decouvrir\/","og_locale":"de_DE","og_type":"article","og_title":"Promenade Guidee: \u00ab Les Hautes fagnes, un milieu exceptionnel \u00e0 d\u00e9couvrir. - Office du Tourisme de Jalhay Sart","og_description":"!!!! Tr\u00e8s bonnes chaussures de marche et ou de pr\u00e9f\u00e9rence des bottes s\u2019il a beaucoup plu durant les jours qui pr\u00e9c\u00e8dent la balade. Dur\u00e9e : +\/- 15 km de 10h \u00e0 17h. D\u00e9part : OTJS \u00e0 9h30 et covoiturage jusqu\u2019\u00e0 Botrange ; le toit de la Belgique. Guide FR\/NL : Monsieur Marcel JEROME. T\u00e9l : [&hellip;]","og_url":"https:\/\/www.tourismejalhaysart.be\/de\/events\/promenade-guidee-les-hautes-fagnes-un-milieu-exceptionnel-a-decouvrir\/","og_site_name":"Office du Tourisme de Jalhay Sart","twitter_card":"summary_large_image","schema":{"@context":"https:\/\/schema.org","@graph":[{"@type":"WebPage","@id":"https:\/\/www.tourismejalhaysart.be\/de\/events\/promenade-guidee-les-hautes-fagnes-un-milieu-exceptionnel-a-decouvrir\/","url":"https:\/\/www.tourismejalhaysart.be\/de\/events\/promenade-guidee-les-hautes-fagnes-un-milieu-exceptionnel-a-decouvrir\/","name":"Promenade Guidee: \u00ab Les Hautes fagnes, un milieu exceptionnel \u00e0 d\u00e9couvrir. - Office du Tourisme de Jalhay Sart","isPartOf":{"@id":"https:\/\/www.tourismejalhaysart.be\/de\/#website"},"datePublished":"2017-02-10T10:20:19+00:00","breadcrumb":{"@id":"https:\/\/www.tourismejalhaysart.be\/de\/events\/promenade-guidee-les-hautes-fagnes-un-milieu-exceptionnel-a-decouvrir\/#breadcrumb"},"inLanguage":"de","potentialAction":[{"@type":"ReadAction","target":["https:\/\/www.tourismejalhaysart.be\/de\/events\/promenade-guidee-les-hautes-fagnes-un-milieu-exceptionnel-a-decouvrir\/"]}]},{"@type":"BreadcrumbList","@id":"https:\/\/www.tourismejalhaysart.be\/de\/events\/promenade-guidee-les-hautes-fagnes-un-milieu-exceptionnel-a-decouvrir\/#breadcrumb","itemListElement":[{"@type":"ListItem","position":1,"name":"Accueil","item":"https:\/\/www.tourismejalhaysart.be\/de\/"},{"@type":"ListItem","position":2,"name":"Veranstaltungen","item":"https:\/\/www.tourismejalhaysart.be\/de\/agenda\/"},{"@type":"ListItem","position":3,"name":"Promenade Guidee: \u00ab Les Hautes fagnes, un milieu exceptionnel \u00e0 d\u00e9couvrir."}]},{"@type":"WebSite","@id":"https:\/\/www.tourismejalhaysart.be\/de\/#website","url":"https:\/\/www.tourismejalhaysart.be\/de\/","name":"Office du Tourisme de Jalhay Sart","description":"aux sources de la nature","potentialAction":[{"@type":"SearchAction","target":{"@type":"EntryPoint","urlTemplate":"https:\/\/www.tourismejalhaysart.be\/de\/?s={search_term_string}"},"query-input":{"@type":"PropertyValueSpecification","valueRequired":true,"valueName":"search_term_string"}}],"inLanguage":"de"}]}},"wpml_current_locale":"de_DE","wpml_translations":[],"_links":{"self":[{"href":"https:\/\/www.tourismejalhaysart.be\/de\/wp-json\/wp\/v2\/events\/15105","targetHints":{"allow":["GET"]}}],"collection":[{"href":"https:\/\/www.tourismejalhaysart.be\/de\/wp-json\/wp\/v2\/events"}],"about":[{"href":"https:\/\/www.tourismejalhaysart.be\/de\/wp-json\/wp\/v2\/types\/events"}],"wp:attachment":[{"href":"https:\/\/www.tourismejalhaysart.be\/de\/wp-json\/wp\/v2\/media?parent=15105"}],"wp:term":[{"taxonomy":"calendars","embeddable":true,"href":"https:\/\/www.tourismejalhaysart.be\/de\/wp-json\/wp\/v2\/calendars?post=15105"},{"taxonomy":"categorie-agenda","embeddable":true,"href":"https:\/\/www.tourismejalhaysart.be\/de\/wp-json\/wp\/v2\/categorie-agenda?post=15105"},{"taxonomy":"venue","embeddable":true,"href":"https:\/\/www.tourismejalhaysart.be\/de\/wp-json\/wp\/v2\/venue?post=15105"},{"taxonomy":"organizer","embeddable":true,"href":"https:\/\/www.tourismejalhaysart.be\/de\/wp-json\/wp\/v2\/organizer?post=15105"}],"curies":[{"name":"wp","href":"https:\/\/api.w.org\/{rel}","templated":true}]}}

Promenade Guidee: « Les Hautes fagnes, un milieu exceptionnel à découvrir.

<p><em>!!!! Très bonnes chaussures de marche et ou de préférence des bottes s’il a beaucoup plu durant les jours qui précèdent la balade.</em></p>
<p>Durée : +/- 15 km de 10h à 17h.</p>
<p>Départ : OTJS à 9h30 et covoiturage jusqu’à Botrange ; le toit de la Belgique.</p>
<p>Guide FR/NL : Monsieur Marcel JEROME. Tél : 0478/933 455</p>

<!-- This site is optimized with the Yoast SEO plugin v27.5 - https://yoast.com/product/yoast-seo-wordpress/ -->
<title>Promenade Guidee: « Les Hautes fagnes, un milieu exceptionnel à découvrir. - Office du Tourisme de Jalhay Sart</title>
<meta name="robots" content="index, follow, max-snippet:-1, max-image-preview:large, max-video-preview:-1" />
<link rel="canonical" href="https://www.tourismejalhaysart.be/de/events/promenade-guidee-les-hautes-fagnes-un-milieu-exceptionnel-a-decouvrir/" />
<meta property="og:locale" content="de_DE" />
<meta property="og:type" content="article" />
<meta property="og:title" content="Promenade Guidee: « Les Hautes fagnes, un milieu exceptionnel à découvrir. - Office du Tourisme de Jalhay Sart" />
<meta property="og:description" content="!!!! Très bonnes chaussures de marche et ou de préférence des bottes s’il a beaucoup plu durant les jours qui précèdent la balade. Durée : +/- 15 km de 10h à 17h. Départ : OTJS à 9h30 et covoiturage jusqu’à Botrange ; le toit de la Belgique. Guide FR/NL : Monsieur Marcel JEROME. Tél : [&hellip;]" />
<meta property="og:url" content="https://www.tourismejalhaysart.be/de/events/promenade-guidee-les-hautes-fagnes-un-milieu-exceptionnel-a-decouvrir/" />
<meta property="og:site_name" content="Office du Tourisme de Jalhay Sart" />
<meta name="twitter:card" content="summary_large_image" />
<script type="application/ld+json" class="yoast-schema-graph">{"@context":"https:\/\/schema.org","@graph":[{"@type":"WebPage","@id":"https:\/\/www.tourismejalhaysart.be\/de\/events\/promenade-guidee-les-hautes-fagnes-un-milieu-exceptionnel-a-decouvrir\/","url":"https:\/\/www.tourismejalhaysart.be\/de\/events\/promenade-guidee-les-hautes-fagnes-un-milieu-exceptionnel-a-decouvrir\/","name":"Promenade Guidee: « Les Hautes fagnes, un milieu exceptionnel à découvrir. - Office du Tourisme de Jalhay Sart","isPartOf":{"@id":"https:\/\/www.tourismejalhaysart.be\/de\/#website"},"datePublished":"2017-02-10T10:20:19+00:00","breadcrumb":{"@id":"https:\/\/www.tourismejalhaysart.be\/de\/events\/promenade-guidee-les-hautes-fagnes-un-milieu-exceptionnel-a-decouvrir\/#breadcrumb"},"inLanguage":"de","potentialAction":[{"@type":"ReadAction","target":["https:\/\/www.tourismejalhaysart.be\/de\/events\/promenade-guidee-les-hautes-fagnes-un-milieu-exceptionnel-a-decouvrir\/"]}]},{"@type":"BreadcrumbList","@id":"https:\/\/www.tourismejalhaysart.be\/de\/events\/promenade-guidee-les-hautes-fagnes-un-milieu-exceptionnel-a-decouvrir\/#breadcrumb","itemListElement":[{"@type":"ListItem","position":1,"name":"Accueil","item":"https:\/\/www.tourismejalhaysart.be\/de\/"},{"@type":"ListItem","position":2,"name":"Veranstaltungen","item":"https:\/\/www.tourismejalhaysart.be\/de\/agenda\/"},{"@type":"ListItem","position":3,"name":"Promenade Guidee: « Les Hautes fagnes, un milieu exceptionnel à découvrir."}]},{"@type":"WebSite","@id":"https:\/\/www.tourismejalhaysart.be\/de\/#website","url":"https:\/\/www.tourismejalhaysart.be\/de\/","name":"Office du Tourisme de Jalhay Sart","description":"aux sources de la nature","potentialAction":[{"@type":"SearchAction","target":{"@type":"EntryPoint","urlTemplate":"https:\/\/www.tourismejalhaysart.be\/de\/?s={search_term_string}"},"query-input":{"@type":"PropertyValueSpecification","valueRequired":true,"valueName":"search_term_string"}}],"inLanguage":"de"}]}</script>
<!-- / Yoast SEO plugin. -->

Promenade Guidee: « Les Hautes fagnes, un milieu exceptionnel à découvrir. - Office du Tourisme de Jalhay Sart

!!!! Très bonnes chaussures de marche et ou de préférence des bottes s’il a beaucoup plu durant les jours qui précèdent la balade. Durée : +/- 15 km de 10h à 17h. Départ : OTJS à 9h30 et covoiturage jusqu’à Botrange ; le toit de la Belgique. Guide FR/NL : Monsieur Marcel JEROME. Tél : [&hellip;]
