{"id":15051,"date":"2017-02-17T15:18:46","date_gmt":"2017-02-17T14:18:46","guid":{"rendered":"http:\/\/www.tourismejalhaysart.be\/events\/balade-contee\/"},"modified":"2017-02-17T15:18:46","modified_gmt":"2017-02-17T14:18:46","slug":"balade-contee","status":"publish","type":"events","link":"https:\/\/www.tourismejalhaysart.be\/de\/events\/balade-contee\/","title":{"rendered":"Balade cont\u00e9e: \u00ab Promenade 1, 2, 3 nature contes de la terre m\u00e8re pour respecter le ciel et la terre \u00bb"},"content":{"rendered":"<p><b>&#8220;Promenade 1, 2, 3 nature contes de la terre m\u00e8re pour respecter le ciel et la terre&#8221;<\/b><\/p>\n<p>La balade est accessible aux poussettes et aux petits marcheurs.<\/p>\n<p>Enfants, grands-m\u00e8res et grands-p\u00e8res bienvenus.<\/p>\n<p>Dur\u00e9e : 3 \u00e0 4 km de 14h \u00e0 16h.<\/p>\n<p>D\u00e9part : Solwaster \u00e0 14h.<\/p>\n<p>Conteuse : Madame Nicole VILZ. T\u00e9l : 0494\/715 454<\/p>\n","protected":false},"featured_media":0,"parent":0,"template":"","calendars":[],"categorie-agenda":[],"venue":[],"organizer":[],"class_list":["post-15051","events","type-events","status-publish","hentry"],"acf":[],"yoast_head":"<!-- This site is optimized with the Yoast SEO plugin v27.5 - https:\/\/yoast.com\/product\/yoast-seo-wordpress\/ -->\n<title>Balade cont\u00e9e: \u00ab Promenade 1, 2, 3 nature contes de la terre m\u00e8re pour respecter le ciel et la terre \u00bb - Office du Tourisme de Jalhay Sart<\/title>\n<meta name=\"robots\" content=\"index, follow, max-snippet:-1, max-image-preview:large, max-video-preview:-1\" \/>\n<link rel=\"canonical\" href=\"https:\/\/www.tourismejalhaysart.be\/de\/events\/balade-contee\/\" \/>\n<meta property=\"og:locale\" content=\"de_DE\" \/>\n<meta property=\"og:type\" content=\"article\" \/>\n<meta property=\"og:title\" content=\"Balade cont\u00e9e: \u00ab Promenade 1, 2, 3 nature contes de la terre m\u00e8re pour respecter le ciel et la terre \u00bb - Office du Tourisme de Jalhay Sart\" \/>\n<meta property=\"og:description\" content=\"&#8220;Promenade 1, 2, 3 nature contes de la terre m\u00e8re pour respecter le ciel et la terre&#8221; La balade est accessible aux poussettes et aux petits marcheurs. Enfants, grands-m\u00e8res et grands-p\u00e8res bienvenus. Dur\u00e9e : 3 \u00e0 4 km de 14h \u00e0 16h. D\u00e9part : Solwaster \u00e0 14h. Conteuse : Madame Nicole VILZ. T\u00e9l : 0494\/715 [&hellip;]\" \/>\n<meta property=\"og:url\" content=\"https:\/\/www.tourismejalhaysart.be\/de\/events\/balade-contee\/\" \/>\n<meta property=\"og:site_name\" content=\"Office du Tourisme de Jalhay Sart\" \/>\n<meta name=\"twitter:card\" content=\"summary_large_image\" \/>\n<script type=\"application\/ld+json\" class=\"yoast-schema-graph\">{\"@context\":\"https:\\\/\\\/schema.org\",\"@graph\":[{\"@type\":\"WebPage\",\"@id\":\"https:\\\/\\\/www.tourismejalhaysart.be\\\/de\\\/events\\\/balade-contee\\\/\",\"url\":\"https:\\\/\\\/www.tourismejalhaysart.be\\\/de\\\/events\\\/balade-contee\\\/\",\"name\":\"Balade cont\u00e9e: \u00ab Promenade 1, 2, 3 nature contes de la terre m\u00e8re pour respecter le ciel et la terre \u00bb - Office du Tourisme de Jalhay Sart\",\"isPartOf\":{\"@id\":\"https:\\\/\\\/www.tourismejalhaysart.be\\\/de\\\/#website\"},\"datePublished\":\"2017-02-17T14:18:46+00:00\",\"breadcrumb\":{\"@id\":\"https:\\\/\\\/www.tourismejalhaysart.be\\\/de\\\/events\\\/balade-contee\\\/#breadcrumb\"},\"inLanguage\":\"de\",\"potentialAction\":[{\"@type\":\"ReadAction\",\"target\":[\"https:\\\/\\\/www.tourismejalhaysart.be\\\/de\\\/events\\\/balade-contee\\\/\"]}]},{\"@type\":\"BreadcrumbList\",\"@id\":\"https:\\\/\\\/www.tourismejalhaysart.be\\\/de\\\/events\\\/balade-contee\\\/#breadcrumb\",\"itemListElement\":[{\"@type\":\"ListItem\",\"position\":1,\"name\":\"Accueil\",\"item\":\"https:\\\/\\\/www.tourismejalhaysart.be\\\/de\\\/\"},{\"@type\":\"ListItem\",\"position\":2,\"name\":\"Veranstaltungen\",\"item\":\"https:\\\/\\\/www.tourismejalhaysart.be\\\/de\\\/agenda\\\/\"},{\"@type\":\"ListItem\",\"position\":3,\"name\":\"Balade cont\u00e9e: \u00ab Promenade 1, 2, 3 nature contes de la terre m\u00e8re pour respecter le ciel et la terre \u00bb\"}]},{\"@type\":\"WebSite\",\"@id\":\"https:\\\/\\\/www.tourismejalhaysart.be\\\/de\\\/#website\",\"url\":\"https:\\\/\\\/www.tourismejalhaysart.be\\\/de\\\/\",\"name\":\"Office du Tourisme de Jalhay Sart\",\"description\":\"aux sources de la nature\",\"potentialAction\":[{\"@type\":\"SearchAction\",\"target\":{\"@type\":\"EntryPoint\",\"urlTemplate\":\"https:\\\/\\\/www.tourismejalhaysart.be\\\/de\\\/?s={search_term_string}\"},\"query-input\":{\"@type\":\"PropertyValueSpecification\",\"valueRequired\":true,\"valueName\":\"search_term_string\"}}],\"inLanguage\":\"de\"}]}<\/script>\n<!-- \/ Yoast SEO plugin. -->","yoast_head_json":{"title":"Balade cont\u00e9e: \u00ab Promenade 1, 2, 3 nature contes de la terre m\u00e8re pour respecter le ciel et la terre \u00bb - Office du Tourisme de Jalhay Sart","robots":{"index":"index","follow":"follow","max-snippet":"max-snippet:-1","max-image-preview":"max-image-preview:large","max-video-preview":"max-video-preview:-1"},"canonical":"https:\/\/www.tourismejalhaysart.be\/de\/events\/balade-contee\/","og_locale":"de_DE","og_type":"article","og_title":"Balade cont\u00e9e: \u00ab Promenade 1, 2, 3 nature contes de la terre m\u00e8re pour respecter le ciel et la terre \u00bb - Office du Tourisme de Jalhay Sart","og_description":"&#8220;Promenade 1, 2, 3 nature contes de la terre m\u00e8re pour respecter le ciel et la terre&#8221; La balade est accessible aux poussettes et aux petits marcheurs. Enfants, grands-m\u00e8res et grands-p\u00e8res bienvenus. Dur\u00e9e : 3 \u00e0 4 km de 14h \u00e0 16h. D\u00e9part : Solwaster \u00e0 14h. Conteuse : Madame Nicole VILZ. T\u00e9l : 0494\/715 [&hellip;]","og_url":"https:\/\/www.tourismejalhaysart.be\/de\/events\/balade-contee\/","og_site_name":"Office du Tourisme de Jalhay Sart","twitter_card":"summary_large_image","schema":{"@context":"https:\/\/schema.org","@graph":[{"@type":"WebPage","@id":"https:\/\/www.tourismejalhaysart.be\/de\/events\/balade-contee\/","url":"https:\/\/www.tourismejalhaysart.be\/de\/events\/balade-contee\/","name":"Balade cont\u00e9e: \u00ab Promenade 1, 2, 3 nature contes de la terre m\u00e8re pour respecter le ciel et la terre \u00bb - Office du Tourisme de Jalhay Sart","isPartOf":{"@id":"https:\/\/www.tourismejalhaysart.be\/de\/#website"},"datePublished":"2017-02-17T14:18:46+00:00","breadcrumb":{"@id":"https:\/\/www.tourismejalhaysart.be\/de\/events\/balade-contee\/#breadcrumb"},"inLanguage":"de","potentialAction":[{"@type":"ReadAction","target":["https:\/\/www.tourismejalhaysart.be\/de\/events\/balade-contee\/"]}]},{"@type":"BreadcrumbList","@id":"https:\/\/www.tourismejalhaysart.be\/de\/events\/balade-contee\/#breadcrumb","itemListElement":[{"@type":"ListItem","position":1,"name":"Accueil","item":"https:\/\/www.tourismejalhaysart.be\/de\/"},{"@type":"ListItem","position":2,"name":"Veranstaltungen","item":"https:\/\/www.tourismejalhaysart.be\/de\/agenda\/"},{"@type":"ListItem","position":3,"name":"Balade cont\u00e9e: \u00ab Promenade 1, 2, 3 nature contes de la terre m\u00e8re pour respecter le ciel et la terre \u00bb"}]},{"@type":"WebSite","@id":"https:\/\/www.tourismejalhaysart.be\/de\/#website","url":"https:\/\/www.tourismejalhaysart.be\/de\/","name":"Office du Tourisme de Jalhay Sart","description":"aux sources de la nature","potentialAction":[{"@type":"SearchAction","target":{"@type":"EntryPoint","urlTemplate":"https:\/\/www.tourismejalhaysart.be\/de\/?s={search_term_string}"},"query-input":{"@type":"PropertyValueSpecification","valueRequired":true,"valueName":"search_term_string"}}],"inLanguage":"de"}]}},"wpml_current_locale":"de_DE","wpml_translations":[],"_links":{"self":[{"href":"https:\/\/www.tourismejalhaysart.be\/de\/wp-json\/wp\/v2\/events\/15051","targetHints":{"allow":["GET"]}}],"collection":[{"href":"https:\/\/www.tourismejalhaysart.be\/de\/wp-json\/wp\/v2\/events"}],"about":[{"href":"https:\/\/www.tourismejalhaysart.be\/de\/wp-json\/wp\/v2\/types\/events"}],"wp:attachment":[{"href":"https:\/\/www.tourismejalhaysart.be\/de\/wp-json\/wp\/v2\/media?parent=15051"}],"wp:term":[{"taxonomy":"calendars","embeddable":true,"href":"https:\/\/www.tourismejalhaysart.be\/de\/wp-json\/wp\/v2\/calendars?post=15051"},{"taxonomy":"categorie-agenda","embeddable":true,"href":"https:\/\/www.tourismejalhaysart.be\/de\/wp-json\/wp\/v2\/categorie-agenda?post=15051"},{"taxonomy":"venue","embeddable":true,"href":"https:\/\/www.tourismejalhaysart.be\/de\/wp-json\/wp\/v2\/venue?post=15051"},{"taxonomy":"organizer","embeddable":true,"href":"https:\/\/www.tourismejalhaysart.be\/de\/wp-json\/wp\/v2\/organizer?post=15051"}],"curies":[{"name":"wp","href":"https:\/\/api.w.org\/{rel}","templated":true}]}}

Balade contée: « Promenade 1, 2, 3 nature contes de la terre mère pour respecter le ciel et la terre »

<p><b>&#8220;Promenade 1, 2, 3 nature contes de la terre mère pour respecter le ciel et la terre&#8221;</b></p>
<p>La balade est accessible aux poussettes et aux petits marcheurs.</p>
<p>Enfants, grands-mères et grands-pères bienvenus.</p>
<p>Durée : 3 à 4 km de 14h à 16h.</p>
<p>Départ : Solwaster à 14h.</p>
<p>Conteuse : Madame Nicole VILZ. Tél : 0494/715 454</p>

<!-- This site is optimized with the Yoast SEO plugin v27.5 - https://yoast.com/product/yoast-seo-wordpress/ -->
<title>Balade contée: « Promenade 1, 2, 3 nature contes de la terre mère pour respecter le ciel et la terre » - Office du Tourisme de Jalhay Sart</title>
<meta name="robots" content="index, follow, max-snippet:-1, max-image-preview:large, max-video-preview:-1" />
<link rel="canonical" href="https://www.tourismejalhaysart.be/de/events/balade-contee/" />
<meta property="og:locale" content="de_DE" />
<meta property="og:type" content="article" />
<meta property="og:title" content="Balade contée: « Promenade 1, 2, 3 nature contes de la terre mère pour respecter le ciel et la terre » - Office du Tourisme de Jalhay Sart" />
<meta property="og:description" content="&#8220;Promenade 1, 2, 3 nature contes de la terre mère pour respecter le ciel et la terre&#8221; La balade est accessible aux poussettes et aux petits marcheurs. Enfants, grands-mères et grands-pères bienvenus. Durée : 3 à 4 km de 14h à 16h. Départ : Solwaster à 14h. Conteuse : Madame Nicole VILZ. Tél : 0494/715 [&hellip;]" />
<meta property="og:url" content="https://www.tourismejalhaysart.be/de/events/balade-contee/" />
<meta property="og:site_name" content="Office du Tourisme de Jalhay Sart" />
<meta name="twitter:card" content="summary_large_image" />
<script type="application/ld+json" class="yoast-schema-graph">{"@context":"https:\/\/schema.org","@graph":[{"@type":"WebPage","@id":"https:\/\/www.tourismejalhaysart.be\/de\/events\/balade-contee\/","url":"https:\/\/www.tourismejalhaysart.be\/de\/events\/balade-contee\/","name":"Balade contée: « Promenade 1, 2, 3 nature contes de la terre mère pour respecter le ciel et la terre » - Office du Tourisme de Jalhay Sart","isPartOf":{"@id":"https:\/\/www.tourismejalhaysart.be\/de\/#website"},"datePublished":"2017-02-17T14:18:46+00:00","breadcrumb":{"@id":"https:\/\/www.tourismejalhaysart.be\/de\/events\/balade-contee\/#breadcrumb"},"inLanguage":"de","potentialAction":[{"@type":"ReadAction","target":["https:\/\/www.tourismejalhaysart.be\/de\/events\/balade-contee\/"]}]},{"@type":"BreadcrumbList","@id":"https:\/\/www.tourismejalhaysart.be\/de\/events\/balade-contee\/#breadcrumb","itemListElement":[{"@type":"ListItem","position":1,"name":"Accueil","item":"https:\/\/www.tourismejalhaysart.be\/de\/"},{"@type":"ListItem","position":2,"name":"Veranstaltungen","item":"https:\/\/www.tourismejalhaysart.be\/de\/agenda\/"},{"@type":"ListItem","position":3,"name":"Balade contée: « Promenade 1, 2, 3 nature contes de la terre mère pour respecter le ciel et la terre »"}]},{"@type":"WebSite","@id":"https:\/\/www.tourismejalhaysart.be\/de\/#website","url":"https:\/\/www.tourismejalhaysart.be\/de\/","name":"Office du Tourisme de Jalhay Sart","description":"aux sources de la nature","potentialAction":[{"@type":"SearchAction","target":{"@type":"EntryPoint","urlTemplate":"https:\/\/www.tourismejalhaysart.be\/de\/?s={search_term_string}"},"query-input":{"@type":"PropertyValueSpecification","valueRequired":true,"valueName":"search_term_string"}}],"inLanguage":"de"}]}</script>
<!-- / Yoast SEO plugin. -->

Balade contée: « Promenade 1, 2, 3 nature contes de la terre mère pour respecter le ciel et la terre » - Office du Tourisme de Jalhay Sart

&#8220;Promenade 1, 2, 3 nature contes de la terre mère pour respecter le ciel et la terre&#8221; La balade est accessible aux poussettes et aux petits marcheurs. Enfants, grands-mères et grands-pères bienvenus. Durée : 3 à 4 km de 14h à 16h. Départ : Solwaster à 14h. Conteuse : Madame Nicole VILZ. Tél : 0494/715 [&hellip;]
