{"id":14862,"date":"2017-08-27T15:17:04","date_gmt":"2017-08-27T14:17:04","guid":{"rendered":"http:\/\/www.tourismejalhaysart.be\/events\/marche-adeps-2\/"},"modified":"2025-09-13T14:29:37","modified_gmt":"2025-09-13T13:29:37","slug":"marche-adeps-2","status":"publish","type":"events","link":"https:\/\/www.tourismejalhaysart.be\/de\/events\/marche-adeps-2\/","title":{"rendered":"Marche ADEPS \u00e0 Herbiester"},"content":{"rendered":"<p>Marche Adeps : Ce sera l&#8217;occasion de (re)d\u00e9couvrir notre magnifique r\u00e9gion.<\/p>\n<p>Plusieurs distances vous seront propos\u00e9es (5-10-15-20km) et apr\u00e8s l&#8217;effort, notre salle sera ouverte pour boire un verre et vous restaurer.<\/p>\n<p>Inscriptions de 8h00 \u00e0 18h00.<\/p>\n<p>Gratuit<\/p>\n","protected":false},"featured_media":29935,"parent":0,"template":"","calendars":[],"categorie-agenda":[1140,1150],"venue":[462],"organizer":[528],"class_list":["post-14862","events","type-events","status-publish","has-post-thumbnail","hentry","categorie-agenda-anderen","categorie-agenda-events-de","venue-salle-de-lunion-herbiester-de","organizer-royale-jeunesse-herbiester-de"],"acf":[],"yoast_head":"<!-- This site is optimized with the Yoast SEO plugin v27.5 - https:\/\/yoast.com\/product\/yoast-seo-wordpress\/ -->\n<title>Marche ADEPS \u00e0 Herbiester - Office du Tourisme de Jalhay Sart<\/title>\n<meta name=\"robots\" content=\"index, follow, max-snippet:-1, max-image-preview:large, max-video-preview:-1\" \/>\n<link rel=\"canonical\" href=\"https:\/\/www.tourismejalhaysart.be\/de\/events\/marche-adeps-2\/\" \/>\n<meta property=\"og:locale\" content=\"de_DE\" \/>\n<meta property=\"og:type\" content=\"article\" \/>\n<meta property=\"og:title\" content=\"Marche ADEPS \u00e0 Herbiester - Office du Tourisme de Jalhay Sart\" \/>\n<meta property=\"og:description\" content=\"Marche Adeps : Ce sera l&#8217;occasion de (re)d\u00e9couvrir notre magnifique r\u00e9gion. Plusieurs distances vous seront propos\u00e9es (5-10-15-20km) et apr\u00e8s l&#8217;effort, notre salle sera ouverte pour boire un verre et vous restaurer. Inscriptions de 8h00 \u00e0 18h00. Gratuit\" \/>\n<meta property=\"og:url\" content=\"https:\/\/www.tourismejalhaysart.be\/de\/events\/marche-adeps-2\/\" \/>\n<meta property=\"og:site_name\" content=\"Office du Tourisme de Jalhay Sart\" \/>\n<meta property=\"article:modified_time\" content=\"2025-09-13T13:29:37+00:00\" \/>\n<meta property=\"og:image\" content=\"https:\/\/www.tourismejalhaysart.be\/wp-content\/uploads\/2017\/08\/Herbiester.png\" \/>\n\t<meta property=\"og:image:width\" content=\"665\" \/>\n\t<meta property=\"og:image:height\" content=\"454\" \/>\n\t<meta property=\"og:image:type\" content=\"image\/png\" \/>\n<meta name=\"twitter:card\" content=\"summary_large_image\" \/>\n<script type=\"application\/ld+json\" class=\"yoast-schema-graph\">{\"@context\":\"https:\\\/\\\/schema.org\",\"@graph\":[{\"@type\":\"WebPage\",\"@id\":\"https:\\\/\\\/www.tourismejalhaysart.be\\\/de\\\/events\\\/marche-adeps-2\\\/\",\"url\":\"https:\\\/\\\/www.tourismejalhaysart.be\\\/de\\\/events\\\/marche-adeps-2\\\/\",\"name\":\"Marche ADEPS \u00e0 Herbiester - Office du Tourisme de Jalhay Sart\",\"isPartOf\":{\"@id\":\"https:\\\/\\\/www.tourismejalhaysart.be\\\/de\\\/#website\"},\"primaryImageOfPage\":{\"@id\":\"https:\\\/\\\/www.tourismejalhaysart.be\\\/de\\\/events\\\/marche-adeps-2\\\/#primaryimage\"},\"image\":{\"@id\":\"https:\\\/\\\/www.tourismejalhaysart.be\\\/de\\\/events\\\/marche-adeps-2\\\/#primaryimage\"},\"thumbnailUrl\":\"https:\\\/\\\/www.tourismejalhaysart.be\\\/wp-content\\\/uploads\\\/2017\\\/08\\\/Herbiester.png\",\"datePublished\":\"2017-08-27T14:17:04+00:00\",\"dateModified\":\"2025-09-13T13:29:37+00:00\",\"breadcrumb\":{\"@id\":\"https:\\\/\\\/www.tourismejalhaysart.be\\\/de\\\/events\\\/marche-adeps-2\\\/#breadcrumb\"},\"inLanguage\":\"de\",\"potentialAction\":[{\"@type\":\"ReadAction\",\"target\":[\"https:\\\/\\\/www.tourismejalhaysart.be\\\/de\\\/events\\\/marche-adeps-2\\\/\"]}]},{\"@type\":\"ImageObject\",\"inLanguage\":\"de\",\"@id\":\"https:\\\/\\\/www.tourismejalhaysart.be\\\/de\\\/events\\\/marche-adeps-2\\\/#primaryimage\",\"url\":\"https:\\\/\\\/www.tourismejalhaysart.be\\\/wp-content\\\/uploads\\\/2017\\\/08\\\/Herbiester.png\",\"contentUrl\":\"https:\\\/\\\/www.tourismejalhaysart.be\\\/wp-content\\\/uploads\\\/2017\\\/08\\\/Herbiester.png\",\"width\":665,\"height\":454},{\"@type\":\"BreadcrumbList\",\"@id\":\"https:\\\/\\\/www.tourismejalhaysart.be\\\/de\\\/events\\\/marche-adeps-2\\\/#breadcrumb\",\"itemListElement\":[{\"@type\":\"ListItem\",\"position\":1,\"name\":\"Accueil\",\"item\":\"https:\\\/\\\/www.tourismejalhaysart.be\\\/de\\\/\"},{\"@type\":\"ListItem\",\"position\":2,\"name\":\"Veranstaltungen\",\"item\":\"https:\\\/\\\/www.tourismejalhaysart.be\\\/de\\\/agenda\\\/\"},{\"@type\":\"ListItem\",\"position\":3,\"name\":\"Marche ADEPS \u00e0 Herbiester\"}]},{\"@type\":\"WebSite\",\"@id\":\"https:\\\/\\\/www.tourismejalhaysart.be\\\/de\\\/#website\",\"url\":\"https:\\\/\\\/www.tourismejalhaysart.be\\\/de\\\/\",\"name\":\"Office du Tourisme de Jalhay Sart\",\"description\":\"aux sources de la nature\",\"potentialAction\":[{\"@type\":\"SearchAction\",\"target\":{\"@type\":\"EntryPoint\",\"urlTemplate\":\"https:\\\/\\\/www.tourismejalhaysart.be\\\/de\\\/?s={search_term_string}\"},\"query-input\":{\"@type\":\"PropertyValueSpecification\",\"valueRequired\":true,\"valueName\":\"search_term_string\"}}],\"inLanguage\":\"de\"}]}<\/script>\n<!-- \/ Yoast SEO plugin. -->","yoast_head_json":{"title":"Marche ADEPS \u00e0 Herbiester - Office du Tourisme de Jalhay Sart","robots":{"index":"index","follow":"follow","max-snippet":"max-snippet:-1","max-image-preview":"max-image-preview:large","max-video-preview":"max-video-preview:-1"},"canonical":"https:\/\/www.tourismejalhaysart.be\/de\/events\/marche-adeps-2\/","og_locale":"de_DE","og_type":"article","og_title":"Marche ADEPS \u00e0 Herbiester - Office du Tourisme de Jalhay Sart","og_description":"Marche Adeps : Ce sera l&#8217;occasion de (re)d\u00e9couvrir notre magnifique r\u00e9gion. Plusieurs distances vous seront propos\u00e9es (5-10-15-20km) et apr\u00e8s l&#8217;effort, notre salle sera ouverte pour boire un verre et vous restaurer. Inscriptions de 8h00 \u00e0 18h00. Gratuit","og_url":"https:\/\/www.tourismejalhaysart.be\/de\/events\/marche-adeps-2\/","og_site_name":"Office du Tourisme de Jalhay Sart","article_modified_time":"2025-09-13T13:29:37+00:00","og_image":[{"width":665,"height":454,"url":"https:\/\/www.tourismejalhaysart.be\/wp-content\/uploads\/2017\/08\/Herbiester.png","type":"image\/png"}],"twitter_card":"summary_large_image","schema":{"@context":"https:\/\/schema.org","@graph":[{"@type":"WebPage","@id":"https:\/\/www.tourismejalhaysart.be\/de\/events\/marche-adeps-2\/","url":"https:\/\/www.tourismejalhaysart.be\/de\/events\/marche-adeps-2\/","name":"Marche ADEPS \u00e0 Herbiester - Office du Tourisme de Jalhay Sart","isPartOf":{"@id":"https:\/\/www.tourismejalhaysart.be\/de\/#website"},"primaryImageOfPage":{"@id":"https:\/\/www.tourismejalhaysart.be\/de\/events\/marche-adeps-2\/#primaryimage"},"image":{"@id":"https:\/\/www.tourismejalhaysart.be\/de\/events\/marche-adeps-2\/#primaryimage"},"thumbnailUrl":"https:\/\/www.tourismejalhaysart.be\/wp-content\/uploads\/2017\/08\/Herbiester.png","datePublished":"2017-08-27T14:17:04+00:00","dateModified":"2025-09-13T13:29:37+00:00","breadcrumb":{"@id":"https:\/\/www.tourismejalhaysart.be\/de\/events\/marche-adeps-2\/#breadcrumb"},"inLanguage":"de","potentialAction":[{"@type":"ReadAction","target":["https:\/\/www.tourismejalhaysart.be\/de\/events\/marche-adeps-2\/"]}]},{"@type":"ImageObject","inLanguage":"de","@id":"https:\/\/www.tourismejalhaysart.be\/de\/events\/marche-adeps-2\/#primaryimage","url":"https:\/\/www.tourismejalhaysart.be\/wp-content\/uploads\/2017\/08\/Herbiester.png","contentUrl":"https:\/\/www.tourismejalhaysart.be\/wp-content\/uploads\/2017\/08\/Herbiester.png","width":665,"height":454},{"@type":"BreadcrumbList","@id":"https:\/\/www.tourismejalhaysart.be\/de\/events\/marche-adeps-2\/#breadcrumb","itemListElement":[{"@type":"ListItem","position":1,"name":"Accueil","item":"https:\/\/www.tourismejalhaysart.be\/de\/"},{"@type":"ListItem","position":2,"name":"Veranstaltungen","item":"https:\/\/www.tourismejalhaysart.be\/de\/agenda\/"},{"@type":"ListItem","position":3,"name":"Marche ADEPS \u00e0 Herbiester"}]},{"@type":"WebSite","@id":"https:\/\/www.tourismejalhaysart.be\/de\/#website","url":"https:\/\/www.tourismejalhaysart.be\/de\/","name":"Office du Tourisme de Jalhay Sart","description":"aux sources de la nature","potentialAction":[{"@type":"SearchAction","target":{"@type":"EntryPoint","urlTemplate":"https:\/\/www.tourismejalhaysart.be\/de\/?s={search_term_string}"},"query-input":{"@type":"PropertyValueSpecification","valueRequired":true,"valueName":"search_term_string"}}],"inLanguage":"de"}]}},"wpml_current_locale":"de_DE","wpml_translations":[],"_links":{"self":[{"href":"https:\/\/www.tourismejalhaysart.be\/de\/wp-json\/wp\/v2\/events\/14862","targetHints":{"allow":["GET"]}}],"collection":[{"href":"https:\/\/www.tourismejalhaysart.be\/de\/wp-json\/wp\/v2\/events"}],"about":[{"href":"https:\/\/www.tourismejalhaysart.be\/de\/wp-json\/wp\/v2\/types\/events"}],"wp:featuredmedia":[{"embeddable":true,"href":"https:\/\/www.tourismejalhaysart.be\/de\/wp-json\/wp\/v2\/media\/29935"}],"wp:attachment":[{"href":"https:\/\/www.tourismejalhaysart.be\/de\/wp-json\/wp\/v2\/media?parent=14862"}],"wp:term":[{"taxonomy":"calendars","embeddable":true,"href":"https:\/\/www.tourismejalhaysart.be\/de\/wp-json\/wp\/v2\/calendars?post=14862"},{"taxonomy":"categorie-agenda","embeddable":true,"href":"https:\/\/www.tourismejalhaysart.be\/de\/wp-json\/wp\/v2\/categorie-agenda?post=14862"},{"taxonomy":"venue","embeddable":true,"href":"https:\/\/www.tourismejalhaysart.be\/de\/wp-json\/wp\/v2\/venue?post=14862"},{"taxonomy":"organizer","embeddable":true,"href":"https:\/\/www.tourismejalhaysart.be\/de\/wp-json\/wp\/v2\/organizer?post=14862"}],"curies":[{"name":"wp","href":"https:\/\/api.w.org\/{rel}","templated":true}]}}

Marche ADEPS à Herbiester

<p>Marche Adeps : Ce sera l&#8217;occasion de (re)découvrir notre magnifique région.</p>
<p>Plusieurs distances vous seront proposées (5-10-15-20km) et après l&#8217;effort, notre salle sera ouverte pour boire un verre et vous restaurer.</p>
<p>Inscriptions de 8h00 à 18h00.</p>
<p>Gratuit</p>

<!-- This site is optimized with the Yoast SEO plugin v27.5 - https://yoast.com/product/yoast-seo-wordpress/ -->
<title>Marche ADEPS à Herbiester - Office du Tourisme de Jalhay Sart</title>
<meta name="robots" content="index, follow, max-snippet:-1, max-image-preview:large, max-video-preview:-1" />
<link rel="canonical" href="https://www.tourismejalhaysart.be/de/events/marche-adeps-2/" />
<meta property="og:locale" content="de_DE" />
<meta property="og:type" content="article" />
<meta property="og:title" content="Marche ADEPS à Herbiester - Office du Tourisme de Jalhay Sart" />
<meta property="og:description" content="Marche Adeps : Ce sera l&#8217;occasion de (re)découvrir notre magnifique région. Plusieurs distances vous seront proposées (5-10-15-20km) et après l&#8217;effort, notre salle sera ouverte pour boire un verre et vous restaurer. Inscriptions de 8h00 à 18h00. Gratuit" />
<meta property="og:url" content="https://www.tourismejalhaysart.be/de/events/marche-adeps-2/" />
<meta property="og:site_name" content="Office du Tourisme de Jalhay Sart" />
<meta property="article:modified_time" content="2025-09-13T13:29:37+00:00" />
<meta property="og:image" content="https://www.tourismejalhaysart.be/wp-content/uploads/2017/08/Herbiester.png" />
	<meta property="og:image:width" content="665" />
	<meta property="og:image:height" content="454" />
	<meta property="og:image:type" content="image/png" />
<meta name="twitter:card" content="summary_large_image" />
<script type="application/ld+json" class="yoast-schema-graph">{"@context":"https:\/\/schema.org","@graph":[{"@type":"WebPage","@id":"https:\/\/www.tourismejalhaysart.be\/de\/events\/marche-adeps-2\/","url":"https:\/\/www.tourismejalhaysart.be\/de\/events\/marche-adeps-2\/","name":"Marche ADEPS à Herbiester - Office du Tourisme de Jalhay Sart","isPartOf":{"@id":"https:\/\/www.tourismejalhaysart.be\/de\/#website"},"primaryImageOfPage":{"@id":"https:\/\/www.tourismejalhaysart.be\/de\/events\/marche-adeps-2\/#primaryimage"},"image":{"@id":"https:\/\/www.tourismejalhaysart.be\/de\/events\/marche-adeps-2\/#primaryimage"},"thumbnailUrl":"https:\/\/www.tourismejalhaysart.be\/wp-content\/uploads\/2017\/08\/Herbiester.png","datePublished":"2017-08-27T14:17:04+00:00","dateModified":"2025-09-13T13:29:37+00:00","breadcrumb":{"@id":"https:\/\/www.tourismejalhaysart.be\/de\/events\/marche-adeps-2\/#breadcrumb"},"inLanguage":"de","potentialAction":[{"@type":"ReadAction","target":["https:\/\/www.tourismejalhaysart.be\/de\/events\/marche-adeps-2\/"]}]},{"@type":"ImageObject","inLanguage":"de","@id":"https:\/\/www.tourismejalhaysart.be\/de\/events\/marche-adeps-2\/#primaryimage","url":"https:\/\/www.tourismejalhaysart.be\/wp-content\/uploads\/2017\/08\/Herbiester.png","contentUrl":"https:\/\/www.tourismejalhaysart.be\/wp-content\/uploads\/2017\/08\/Herbiester.png","width":665,"height":454},{"@type":"BreadcrumbList","@id":"https:\/\/www.tourismejalhaysart.be\/de\/events\/marche-adeps-2\/#breadcrumb","itemListElement":[{"@type":"ListItem","position":1,"name":"Accueil","item":"https:\/\/www.tourismejalhaysart.be\/de\/"},{"@type":"ListItem","position":2,"name":"Veranstaltungen","item":"https:\/\/www.tourismejalhaysart.be\/de\/agenda\/"},{"@type":"ListItem","position":3,"name":"Marche ADEPS à Herbiester"}]},{"@type":"WebSite","@id":"https:\/\/www.tourismejalhaysart.be\/de\/#website","url":"https:\/\/www.tourismejalhaysart.be\/de\/","name":"Office du Tourisme de Jalhay Sart","description":"aux sources de la nature","potentialAction":[{"@type":"SearchAction","target":{"@type":"EntryPoint","urlTemplate":"https:\/\/www.tourismejalhaysart.be\/de\/?s={search_term_string}"},"query-input":{"@type":"PropertyValueSpecification","valueRequired":true,"valueName":"search_term_string"}}],"inLanguage":"de"}]}</script>
<!-- / Yoast SEO plugin. -->

Marche ADEPS à Herbiester - Office du Tourisme de Jalhay Sart

Marche Adeps : Ce sera l&#8217;occasion de (re)découvrir notre magnifique région. Plusieurs distances vous seront proposées (5-10-15-20km) et après l&#8217;effort, notre salle sera ouverte pour boire un verre et vous restaurer. Inscriptions de 8h00 à 18h00. Gratuit
