{"id":14757,"date":"2017-09-15T14:00:32","date_gmt":"2017-09-15T13:00:32","guid":{"rendered":"http:\/\/www.tourismejalhaysart.be\/events\/initiation-a-la-gestion-de-photos\/"},"modified":"2017-09-15T14:00:32","modified_gmt":"2017-09-15T13:00:32","slug":"initiation-a-la-gestion-de-photos","status":"publish","type":"events","link":"https:\/\/www.tourismejalhaysart.be\/de\/events\/initiation-a-la-gestion-de-photos\/","title":{"rendered":"Initiation \u00e0 la gestion de photos"},"content":{"rendered":"<p>Du 27 septembre au 25 octobre 2017 (10 heures)<\/p>\n<p>5 personnes\/groupe<\/p>\n<p>Sur r\u00e9servation &#8211; Nombre de places limit\u00e9<\/p>\n<p>A la biblioth\u00e8que de Jalhay le mercredi de 9h30 \u00e0 11h30<\/p>\n<p>A la biblioth\u00e8que de Sart le mercredi de 18h \u00e0 20h<\/p>\n<p>Prix des modules : 35\u20ac pour 10 heures de cours<\/p>\n<p>&nbsp;<\/p>\n","protected":false},"featured_media":0,"parent":0,"template":"","calendars":[],"categorie-agenda":[],"venue":[],"organizer":[],"class_list":["post-14757","events","type-events","status-publish","hentry"],"acf":[],"yoast_head":"<!-- This site is optimized with the Yoast SEO plugin v27.5 - https:\/\/yoast.com\/product\/yoast-seo-wordpress\/ -->\n<title>Initiation \u00e0 la gestion de photos - Office du Tourisme de Jalhay Sart<\/title>\n<meta name=\"robots\" content=\"index, follow, max-snippet:-1, max-image-preview:large, max-video-preview:-1\" \/>\n<link rel=\"canonical\" href=\"https:\/\/www.tourismejalhaysart.be\/de\/events\/initiation-a-la-gestion-de-photos\/\" \/>\n<meta property=\"og:locale\" content=\"de_DE\" \/>\n<meta property=\"og:type\" content=\"article\" \/>\n<meta property=\"og:title\" content=\"Initiation \u00e0 la gestion de photos - Office du Tourisme de Jalhay Sart\" \/>\n<meta property=\"og:description\" content=\"Du 27 septembre au 25 octobre 2017 (10 heures) 5 personnes\/groupe Sur r\u00e9servation &#8211; Nombre de places limit\u00e9 A la biblioth\u00e8que de Jalhay le mercredi de 9h30 \u00e0 11h30 A la biblioth\u00e8que de Sart le mercredi de 18h \u00e0 20h Prix des modules : 35\u20ac pour 10 heures de cours &nbsp;\" \/>\n<meta property=\"og:url\" content=\"https:\/\/www.tourismejalhaysart.be\/de\/events\/initiation-a-la-gestion-de-photos\/\" \/>\n<meta property=\"og:site_name\" content=\"Office du Tourisme de Jalhay Sart\" \/>\n<meta name=\"twitter:card\" content=\"summary_large_image\" \/>\n<script type=\"application\/ld+json\" class=\"yoast-schema-graph\">{\"@context\":\"https:\\\/\\\/schema.org\",\"@graph\":[{\"@type\":\"WebPage\",\"@id\":\"https:\\\/\\\/www.tourismejalhaysart.be\\\/de\\\/events\\\/initiation-a-la-gestion-de-photos\\\/\",\"url\":\"https:\\\/\\\/www.tourismejalhaysart.be\\\/de\\\/events\\\/initiation-a-la-gestion-de-photos\\\/\",\"name\":\"Initiation \u00e0 la gestion de photos - Office du Tourisme de Jalhay Sart\",\"isPartOf\":{\"@id\":\"https:\\\/\\\/www.tourismejalhaysart.be\\\/de\\\/#website\"},\"datePublished\":\"2017-09-15T13:00:32+00:00\",\"breadcrumb\":{\"@id\":\"https:\\\/\\\/www.tourismejalhaysart.be\\\/de\\\/events\\\/initiation-a-la-gestion-de-photos\\\/#breadcrumb\"},\"inLanguage\":\"de\",\"potentialAction\":[{\"@type\":\"ReadAction\",\"target\":[\"https:\\\/\\\/www.tourismejalhaysart.be\\\/de\\\/events\\\/initiation-a-la-gestion-de-photos\\\/\"]}]},{\"@type\":\"BreadcrumbList\",\"@id\":\"https:\\\/\\\/www.tourismejalhaysart.be\\\/de\\\/events\\\/initiation-a-la-gestion-de-photos\\\/#breadcrumb\",\"itemListElement\":[{\"@type\":\"ListItem\",\"position\":1,\"name\":\"Accueil\",\"item\":\"https:\\\/\\\/www.tourismejalhaysart.be\\\/de\\\/\"},{\"@type\":\"ListItem\",\"position\":2,\"name\":\"Veranstaltungen\",\"item\":\"https:\\\/\\\/www.tourismejalhaysart.be\\\/de\\\/agenda\\\/\"},{\"@type\":\"ListItem\",\"position\":3,\"name\":\"Initiation \u00e0 la gestion de photos\"}]},{\"@type\":\"WebSite\",\"@id\":\"https:\\\/\\\/www.tourismejalhaysart.be\\\/de\\\/#website\",\"url\":\"https:\\\/\\\/www.tourismejalhaysart.be\\\/de\\\/\",\"name\":\"Office du Tourisme de Jalhay Sart\",\"description\":\"aux sources de la nature\",\"potentialAction\":[{\"@type\":\"SearchAction\",\"target\":{\"@type\":\"EntryPoint\",\"urlTemplate\":\"https:\\\/\\\/www.tourismejalhaysart.be\\\/de\\\/?s={search_term_string}\"},\"query-input\":{\"@type\":\"PropertyValueSpecification\",\"valueRequired\":true,\"valueName\":\"search_term_string\"}}],\"inLanguage\":\"de\"}]}<\/script>\n<!-- \/ Yoast SEO plugin. -->","yoast_head_json":{"title":"Initiation \u00e0 la gestion de photos - Office du Tourisme de Jalhay Sart","robots":{"index":"index","follow":"follow","max-snippet":"max-snippet:-1","max-image-preview":"max-image-preview:large","max-video-preview":"max-video-preview:-1"},"canonical":"https:\/\/www.tourismejalhaysart.be\/de\/events\/initiation-a-la-gestion-de-photos\/","og_locale":"de_DE","og_type":"article","og_title":"Initiation \u00e0 la gestion de photos - Office du Tourisme de Jalhay Sart","og_description":"Du 27 septembre au 25 octobre 2017 (10 heures) 5 personnes\/groupe Sur r\u00e9servation &#8211; Nombre de places limit\u00e9 A la biblioth\u00e8que de Jalhay le mercredi de 9h30 \u00e0 11h30 A la biblioth\u00e8que de Sart le mercredi de 18h \u00e0 20h Prix des modules : 35\u20ac pour 10 heures de cours &nbsp;","og_url":"https:\/\/www.tourismejalhaysart.be\/de\/events\/initiation-a-la-gestion-de-photos\/","og_site_name":"Office du Tourisme de Jalhay Sart","twitter_card":"summary_large_image","schema":{"@context":"https:\/\/schema.org","@graph":[{"@type":"WebPage","@id":"https:\/\/www.tourismejalhaysart.be\/de\/events\/initiation-a-la-gestion-de-photos\/","url":"https:\/\/www.tourismejalhaysart.be\/de\/events\/initiation-a-la-gestion-de-photos\/","name":"Initiation \u00e0 la gestion de photos - Office du Tourisme de Jalhay Sart","isPartOf":{"@id":"https:\/\/www.tourismejalhaysart.be\/de\/#website"},"datePublished":"2017-09-15T13:00:32+00:00","breadcrumb":{"@id":"https:\/\/www.tourismejalhaysart.be\/de\/events\/initiation-a-la-gestion-de-photos\/#breadcrumb"},"inLanguage":"de","potentialAction":[{"@type":"ReadAction","target":["https:\/\/www.tourismejalhaysart.be\/de\/events\/initiation-a-la-gestion-de-photos\/"]}]},{"@type":"BreadcrumbList","@id":"https:\/\/www.tourismejalhaysart.be\/de\/events\/initiation-a-la-gestion-de-photos\/#breadcrumb","itemListElement":[{"@type":"ListItem","position":1,"name":"Accueil","item":"https:\/\/www.tourismejalhaysart.be\/de\/"},{"@type":"ListItem","position":2,"name":"Veranstaltungen","item":"https:\/\/www.tourismejalhaysart.be\/de\/agenda\/"},{"@type":"ListItem","position":3,"name":"Initiation \u00e0 la gestion de photos"}]},{"@type":"WebSite","@id":"https:\/\/www.tourismejalhaysart.be\/de\/#website","url":"https:\/\/www.tourismejalhaysart.be\/de\/","name":"Office du Tourisme de Jalhay Sart","description":"aux sources de la nature","potentialAction":[{"@type":"SearchAction","target":{"@type":"EntryPoint","urlTemplate":"https:\/\/www.tourismejalhaysart.be\/de\/?s={search_term_string}"},"query-input":{"@type":"PropertyValueSpecification","valueRequired":true,"valueName":"search_term_string"}}],"inLanguage":"de"}]}},"wpml_current_locale":"de_DE","wpml_translations":[],"_links":{"self":[{"href":"https:\/\/www.tourismejalhaysart.be\/de\/wp-json\/wp\/v2\/events\/14757","targetHints":{"allow":["GET"]}}],"collection":[{"href":"https:\/\/www.tourismejalhaysart.be\/de\/wp-json\/wp\/v2\/events"}],"about":[{"href":"https:\/\/www.tourismejalhaysart.be\/de\/wp-json\/wp\/v2\/types\/events"}],"wp:attachment":[{"href":"https:\/\/www.tourismejalhaysart.be\/de\/wp-json\/wp\/v2\/media?parent=14757"}],"wp:term":[{"taxonomy":"calendars","embeddable":true,"href":"https:\/\/www.tourismejalhaysart.be\/de\/wp-json\/wp\/v2\/calendars?post=14757"},{"taxonomy":"categorie-agenda","embeddable":true,"href":"https:\/\/www.tourismejalhaysart.be\/de\/wp-json\/wp\/v2\/categorie-agenda?post=14757"},{"taxonomy":"venue","embeddable":true,"href":"https:\/\/www.tourismejalhaysart.be\/de\/wp-json\/wp\/v2\/venue?post=14757"},{"taxonomy":"organizer","embeddable":true,"href":"https:\/\/www.tourismejalhaysart.be\/de\/wp-json\/wp\/v2\/organizer?post=14757"}],"curies":[{"name":"wp","href":"https:\/\/api.w.org\/{rel}","templated":true}]}}

Initiation à la gestion de photos

<p>Du 27 septembre au 25 octobre 2017 (10 heures)</p>
<p>5 personnes/groupe</p>
<p>Sur réservation &#8211; Nombre de places limité</p>
<p>A la bibliothèque de Jalhay le mercredi de 9h30 à 11h30</p>
<p>A la bibliothèque de Sart le mercredi de 18h à 20h</p>
<p>Prix des modules : 35€ pour 10 heures de cours</p>
<p>&nbsp;</p>

<!-- This site is optimized with the Yoast SEO plugin v27.5 - https://yoast.com/product/yoast-seo-wordpress/ -->
<title>Initiation à la gestion de photos - Office du Tourisme de Jalhay Sart</title>
<meta name="robots" content="index, follow, max-snippet:-1, max-image-preview:large, max-video-preview:-1" />
<link rel="canonical" href="https://www.tourismejalhaysart.be/de/events/initiation-a-la-gestion-de-photos/" />
<meta property="og:locale" content="de_DE" />
<meta property="og:type" content="article" />
<meta property="og:title" content="Initiation à la gestion de photos - Office du Tourisme de Jalhay Sart" />
<meta property="og:description" content="Du 27 septembre au 25 octobre 2017 (10 heures) 5 personnes/groupe Sur réservation &#8211; Nombre de places limité A la bibliothèque de Jalhay le mercredi de 9h30 à 11h30 A la bibliothèque de Sart le mercredi de 18h à 20h Prix des modules : 35€ pour 10 heures de cours &nbsp;" />
<meta property="og:url" content="https://www.tourismejalhaysart.be/de/events/initiation-a-la-gestion-de-photos/" />
<meta property="og:site_name" content="Office du Tourisme de Jalhay Sart" />
<meta name="twitter:card" content="summary_large_image" />
<script type="application/ld+json" class="yoast-schema-graph">{"@context":"https:\/\/schema.org","@graph":[{"@type":"WebPage","@id":"https:\/\/www.tourismejalhaysart.be\/de\/events\/initiation-a-la-gestion-de-photos\/","url":"https:\/\/www.tourismejalhaysart.be\/de\/events\/initiation-a-la-gestion-de-photos\/","name":"Initiation à la gestion de photos - Office du Tourisme de Jalhay Sart","isPartOf":{"@id":"https:\/\/www.tourismejalhaysart.be\/de\/#website"},"datePublished":"2017-09-15T13:00:32+00:00","breadcrumb":{"@id":"https:\/\/www.tourismejalhaysart.be\/de\/events\/initiation-a-la-gestion-de-photos\/#breadcrumb"},"inLanguage":"de","potentialAction":[{"@type":"ReadAction","target":["https:\/\/www.tourismejalhaysart.be\/de\/events\/initiation-a-la-gestion-de-photos\/"]}]},{"@type":"BreadcrumbList","@id":"https:\/\/www.tourismejalhaysart.be\/de\/events\/initiation-a-la-gestion-de-photos\/#breadcrumb","itemListElement":[{"@type":"ListItem","position":1,"name":"Accueil","item":"https:\/\/www.tourismejalhaysart.be\/de\/"},{"@type":"ListItem","position":2,"name":"Veranstaltungen","item":"https:\/\/www.tourismejalhaysart.be\/de\/agenda\/"},{"@type":"ListItem","position":3,"name":"Initiation à la gestion de photos"}]},{"@type":"WebSite","@id":"https:\/\/www.tourismejalhaysart.be\/de\/#website","url":"https:\/\/www.tourismejalhaysart.be\/de\/","name":"Office du Tourisme de Jalhay Sart","description":"aux sources de la nature","potentialAction":[{"@type":"SearchAction","target":{"@type":"EntryPoint","urlTemplate":"https:\/\/www.tourismejalhaysart.be\/de\/?s={search_term_string}"},"query-input":{"@type":"PropertyValueSpecification","valueRequired":true,"valueName":"search_term_string"}}],"inLanguage":"de"}]}</script>
<!-- / Yoast SEO plugin. -->

Initiation à la gestion de photos - Office du Tourisme de Jalhay Sart

Du 27 septembre au 25 octobre 2017 (10 heures) 5 personnes/groupe Sur réservation &#8211; Nombre de places limité A la bibliothèque de Jalhay le mercredi de 9h30 à 11h30 A la bibliothèque de Sart le mercredi de 18h à 20h Prix des modules : 35€ pour 10 heures de cours &nbsp;
