{"id":11148,"date":"2016-07-21T10:06:02","date_gmt":"2016-07-21T09:06:02","guid":{"rendered":"http:\/\/www.tourismejalhaysart.be\/?post_type=events&#038;p=11148"},"modified":"2025-08-01T07:46:25","modified_gmt":"2025-08-01T06:46:25","slug":"ecoute-du-brame-du-cerf","status":"publish","type":"events","link":"https:\/\/www.tourismejalhaysart.be\/de\/events\/ecoute-du-brame-du-cerf\/","title":{"rendered":"Ecoute du brame du cerf"},"content":{"rendered":"<p>Venez \u00e9couter le cerf bramer!<\/p>\n<p>Vous serez accompagn\u00e9 par\u00a0un guide nature qui vous fera d\u00e9couvrir ce moment particulier de l&#8217;ann\u00e9e pour ces animaux.<\/p>\n<p>La s\u00e9ance sera pr\u00e9c\u00e9d\u00e9e d&#8217;une pr\u00e9sentation de +\/- 30 minutes.<\/p>\n<p>Lieu : Administration communale de Jalhay, rue de la Fagne 46 \u00e0 4845 Jalhay.<\/p>\n<p>Dates : 26 et 27 septembre, 3, 4, 5, 10 et 11 octobre \u00e0 18h15.<\/p>\n<p>Le 27 septembre : S\u00e9ance sp\u00e9ciale &#8220;enfants&#8221; \u00e0 19h30 &#8211; rdv\u00a0 parking de l&#8217;administration communale de Jalhay<\/p>\n<p>Le 11 octobre : s\u00e9ance matinale avec petit-d\u00e9jeuner \u00e0 6h45 (prix : 10\u20ac)<\/p>\n<p>Renseignements et inscriptions obligatoires dans la limite des places disponibles par t\u00e9l\u00e9phone au 087\/47 47 37 ou info@tourismejalhaysart.be<\/p>\n<p>Prix : 7\u20ac &#8211; gratuit pour les moins de 12 ans<\/p>\n<p>Attention, cette activit\u00e9 doit \u00eatre silencieuse et calme et n&#8217;est donc pas conseill\u00e9e aux jeunes enfants.<\/p>\n","protected":false},"featured_media":19360,"parent":0,"template":"","calendars":[],"categorie-agenda":[1126,1137],"venue":[],"organizer":[42],"class_list":["post-11148","events","type-events","status-publish","has-post-thumbnail","hentry","categorie-agenda-autres_evenements","categorie-agenda-evenements","organizer-office-du-tourisme-jalhay-sart"],"acf":[],"yoast_head":"<!-- This site is optimized with the Yoast SEO plugin v27.5 - https:\/\/yoast.com\/product\/yoast-seo-wordpress\/ -->\n<title>Ecoute du brame du cerf - Office du Tourisme de Jalhay Sart<\/title>\n<meta name=\"robots\" content=\"index, follow, max-snippet:-1, max-image-preview:large, max-video-preview:-1\" \/>\n<link rel=\"canonical\" href=\"https:\/\/www.tourismejalhaysart.be\/de\/events\/ecoute-du-brame-du-cerf\/\" \/>\n<meta property=\"og:locale\" content=\"de_DE\" \/>\n<meta property=\"og:type\" content=\"article\" \/>\n<meta property=\"og:title\" content=\"Ecoute du brame du cerf - Office du Tourisme de Jalhay Sart\" \/>\n<meta property=\"og:description\" content=\"Ecoute du brame du cerf\" \/>\n<meta property=\"og:url\" content=\"https:\/\/www.tourismejalhaysart.be\/de\/events\/ecoute-du-brame-du-cerf\/\" \/>\n<meta property=\"og:site_name\" content=\"Office du Tourisme de Jalhay Sart\" \/>\n<meta property=\"article:modified_time\" content=\"2025-08-01T06:46:25+00:00\" \/>\n<meta property=\"og:image\" content=\"https:\/\/www.tourismejalhaysart.be\/wp-content\/uploads\/2018\/08\/cerf-brame-1.jpg\" \/>\n\t<meta property=\"og:image:width\" content=\"500\" \/>\n\t<meta property=\"og:image:height\" content=\"500\" \/>\n\t<meta property=\"og:image:type\" content=\"image\/jpeg\" \/>\n<meta name=\"twitter:card\" content=\"summary_large_image\" \/>\n<meta name=\"twitter:label1\" content=\"Gesch\u00e4tzte Lesezeit\" \/>\n\t<meta name=\"twitter:data1\" content=\"1\u00a0Minute\" \/>\n<script type=\"application\/ld+json\" class=\"yoast-schema-graph\">{\"@context\":\"https:\\\/\\\/schema.org\",\"@graph\":[{\"@type\":\"WebPage\",\"@id\":\"https:\\\/\\\/www.tourismejalhaysart.be\\\/de\\\/events\\\/ecoute-du-brame-du-cerf\\\/\",\"url\":\"https:\\\/\\\/www.tourismejalhaysart.be\\\/de\\\/events\\\/ecoute-du-brame-du-cerf\\\/\",\"name\":\"Ecoute du brame du cerf - Office du Tourisme de Jalhay Sart\",\"isPartOf\":{\"@id\":\"https:\\\/\\\/www.tourismejalhaysart.be\\\/de\\\/#website\"},\"primaryImageOfPage\":{\"@id\":\"https:\\\/\\\/www.tourismejalhaysart.be\\\/de\\\/events\\\/ecoute-du-brame-du-cerf\\\/#primaryimage\"},\"image\":{\"@id\":\"https:\\\/\\\/www.tourismejalhaysart.be\\\/de\\\/events\\\/ecoute-du-brame-du-cerf\\\/#primaryimage\"},\"thumbnailUrl\":\"https:\\\/\\\/www.tourismejalhaysart.be\\\/wp-content\\\/uploads\\\/2018\\\/08\\\/cerf-brame-1.jpg\",\"datePublished\":\"2016-07-21T09:06:02+00:00\",\"dateModified\":\"2025-08-01T06:46:25+00:00\",\"breadcrumb\":{\"@id\":\"https:\\\/\\\/www.tourismejalhaysart.be\\\/de\\\/events\\\/ecoute-du-brame-du-cerf\\\/#breadcrumb\"},\"inLanguage\":\"de\",\"potentialAction\":[{\"@type\":\"ReadAction\",\"target\":[\"https:\\\/\\\/www.tourismejalhaysart.be\\\/de\\\/events\\\/ecoute-du-brame-du-cerf\\\/\"]}]},{\"@type\":\"ImageObject\",\"inLanguage\":\"de\",\"@id\":\"https:\\\/\\\/www.tourismejalhaysart.be\\\/de\\\/events\\\/ecoute-du-brame-du-cerf\\\/#primaryimage\",\"url\":\"https:\\\/\\\/www.tourismejalhaysart.be\\\/wp-content\\\/uploads\\\/2018\\\/08\\\/cerf-brame-1.jpg\",\"contentUrl\":\"https:\\\/\\\/www.tourismejalhaysart.be\\\/wp-content\\\/uploads\\\/2018\\\/08\\\/cerf-brame-1.jpg\",\"width\":500,\"height\":500},{\"@type\":\"BreadcrumbList\",\"@id\":\"https:\\\/\\\/www.tourismejalhaysart.be\\\/de\\\/events\\\/ecoute-du-brame-du-cerf\\\/#breadcrumb\",\"itemListElement\":[{\"@type\":\"ListItem\",\"position\":1,\"name\":\"Accueil\",\"item\":\"https:\\\/\\\/www.tourismejalhaysart.be\\\/de\\\/\"},{\"@type\":\"ListItem\",\"position\":2,\"name\":\"Veranstaltungen\",\"item\":\"https:\\\/\\\/www.tourismejalhaysart.be\\\/de\\\/agenda\\\/\"},{\"@type\":\"ListItem\",\"position\":3,\"name\":\"Ecoute du brame du cerf\"}]},{\"@type\":\"WebSite\",\"@id\":\"https:\\\/\\\/www.tourismejalhaysart.be\\\/de\\\/#website\",\"url\":\"https:\\\/\\\/www.tourismejalhaysart.be\\\/de\\\/\",\"name\":\"Office du Tourisme de Jalhay Sart\",\"description\":\"aux sources de la nature\",\"potentialAction\":[{\"@type\":\"SearchAction\",\"target\":{\"@type\":\"EntryPoint\",\"urlTemplate\":\"https:\\\/\\\/www.tourismejalhaysart.be\\\/de\\\/?s={search_term_string}\"},\"query-input\":{\"@type\":\"PropertyValueSpecification\",\"valueRequired\":true,\"valueName\":\"search_term_string\"}}],\"inLanguage\":\"de\"}]}<\/script>\n<!-- \/ Yoast SEO plugin. -->","yoast_head_json":{"title":"Ecoute du brame du cerf - Office du Tourisme de Jalhay Sart","robots":{"index":"index","follow":"follow","max-snippet":"max-snippet:-1","max-image-preview":"max-image-preview:large","max-video-preview":"max-video-preview:-1"},"canonical":"https:\/\/www.tourismejalhaysart.be\/de\/events\/ecoute-du-brame-du-cerf\/","og_locale":"de_DE","og_type":"article","og_title":"Ecoute du brame du cerf - Office du Tourisme de Jalhay Sart","og_description":"Ecoute du brame du cerf","og_url":"https:\/\/www.tourismejalhaysart.be\/de\/events\/ecoute-du-brame-du-cerf\/","og_site_name":"Office du Tourisme de Jalhay Sart","article_modified_time":"2025-08-01T06:46:25+00:00","og_image":[{"width":500,"height":500,"url":"https:\/\/www.tourismejalhaysart.be\/wp-content\/uploads\/2018\/08\/cerf-brame-1.jpg","type":"image\/jpeg"}],"twitter_card":"summary_large_image","twitter_misc":{"Gesch\u00e4tzte Lesezeit":"1\u00a0Minute"},"schema":{"@context":"https:\/\/schema.org","@graph":[{"@type":"WebPage","@id":"https:\/\/www.tourismejalhaysart.be\/de\/events\/ecoute-du-brame-du-cerf\/","url":"https:\/\/www.tourismejalhaysart.be\/de\/events\/ecoute-du-brame-du-cerf\/","name":"Ecoute du brame du cerf - Office du Tourisme de Jalhay Sart","isPartOf":{"@id":"https:\/\/www.tourismejalhaysart.be\/de\/#website"},"primaryImageOfPage":{"@id":"https:\/\/www.tourismejalhaysart.be\/de\/events\/ecoute-du-brame-du-cerf\/#primaryimage"},"image":{"@id":"https:\/\/www.tourismejalhaysart.be\/de\/events\/ecoute-du-brame-du-cerf\/#primaryimage"},"thumbnailUrl":"https:\/\/www.tourismejalhaysart.be\/wp-content\/uploads\/2018\/08\/cerf-brame-1.jpg","datePublished":"2016-07-21T09:06:02+00:00","dateModified":"2025-08-01T06:46:25+00:00","breadcrumb":{"@id":"https:\/\/www.tourismejalhaysart.be\/de\/events\/ecoute-du-brame-du-cerf\/#breadcrumb"},"inLanguage":"de","potentialAction":[{"@type":"ReadAction","target":["https:\/\/www.tourismejalhaysart.be\/de\/events\/ecoute-du-brame-du-cerf\/"]}]},{"@type":"ImageObject","inLanguage":"de","@id":"https:\/\/www.tourismejalhaysart.be\/de\/events\/ecoute-du-brame-du-cerf\/#primaryimage","url":"https:\/\/www.tourismejalhaysart.be\/wp-content\/uploads\/2018\/08\/cerf-brame-1.jpg","contentUrl":"https:\/\/www.tourismejalhaysart.be\/wp-content\/uploads\/2018\/08\/cerf-brame-1.jpg","width":500,"height":500},{"@type":"BreadcrumbList","@id":"https:\/\/www.tourismejalhaysart.be\/de\/events\/ecoute-du-brame-du-cerf\/#breadcrumb","itemListElement":[{"@type":"ListItem","position":1,"name":"Accueil","item":"https:\/\/www.tourismejalhaysart.be\/de\/"},{"@type":"ListItem","position":2,"name":"Veranstaltungen","item":"https:\/\/www.tourismejalhaysart.be\/de\/agenda\/"},{"@type":"ListItem","position":3,"name":"Ecoute du brame du cerf"}]},{"@type":"WebSite","@id":"https:\/\/www.tourismejalhaysart.be\/de\/#website","url":"https:\/\/www.tourismejalhaysart.be\/de\/","name":"Office du Tourisme de Jalhay Sart","description":"aux sources de la nature","potentialAction":[{"@type":"SearchAction","target":{"@type":"EntryPoint","urlTemplate":"https:\/\/www.tourismejalhaysart.be\/de\/?s={search_term_string}"},"query-input":{"@type":"PropertyValueSpecification","valueRequired":true,"valueName":"search_term_string"}}],"inLanguage":"de"}]}},"wpml_current_locale":"fr_FR","wpml_translations":[],"_links":{"self":[{"href":"https:\/\/www.tourismejalhaysart.be\/de\/wp-json\/wp\/v2\/events\/11148","targetHints":{"allow":["GET"]}}],"collection":[{"href":"https:\/\/www.tourismejalhaysart.be\/de\/wp-json\/wp\/v2\/events"}],"about":[{"href":"https:\/\/www.tourismejalhaysart.be\/de\/wp-json\/wp\/v2\/types\/events"}],"wp:featuredmedia":[{"embeddable":true,"href":"https:\/\/www.tourismejalhaysart.be\/de\/wp-json\/wp\/v2\/media\/19360"}],"wp:attachment":[{"href":"https:\/\/www.tourismejalhaysart.be\/de\/wp-json\/wp\/v2\/media?parent=11148"}],"wp:term":[{"taxonomy":"calendars","embeddable":true,"href":"https:\/\/www.tourismejalhaysart.be\/de\/wp-json\/wp\/v2\/calendars?post=11148"},{"taxonomy":"categorie-agenda","embeddable":true,"href":"https:\/\/www.tourismejalhaysart.be\/de\/wp-json\/wp\/v2\/categorie-agenda?post=11148"},{"taxonomy":"venue","embeddable":true,"href":"https:\/\/www.tourismejalhaysart.be\/de\/wp-json\/wp\/v2\/venue?post=11148"},{"taxonomy":"organizer","embeddable":true,"href":"https:\/\/www.tourismejalhaysart.be\/de\/wp-json\/wp\/v2\/organizer?post=11148"}],"curies":[{"name":"wp","href":"https:\/\/api.w.org\/{rel}","templated":true}]}}

<p>Venez écouter le cerf bramer!</p>
<p>Vous serez accompagné par un guide nature qui vous fera découvrir ce moment particulier de l&#8217;année pour ces animaux.</p>
<p>La séance sera précédée d&#8217;une présentation de +/- 30 minutes.</p>
<p>Lieu : Administration communale de Jalhay, rue de la Fagne 46 à 4845 Jalhay.</p>
<p>Dates : 26 et 27 septembre, 3, 4, 5, 10 et 11 octobre à 18h15.</p>
<p>Le 27 septembre : Séance spéciale &#8220;enfants&#8221; à 19h30 &#8211; rdv  parking de l&#8217;administration communale de Jalhay</p>
<p>Le 11 octobre : séance matinale avec petit-déjeuner à 6h45 (prix : 10€)</p>
<p>Renseignements et inscriptions obligatoires dans la limite des places disponibles par téléphone au 087/47 47 37 ou info@tourismejalhaysart.be</p>
<p>Prix : 7€ &#8211; gratuit pour les moins de 12 ans</p>
<p>Attention, cette activité doit être silencieuse et calme et n&#8217;est donc pas conseillée aux jeunes enfants.</p>

<!-- This site is optimized with the Yoast SEO plugin v27.5 - https://yoast.com/product/yoast-seo-wordpress/ -->
<title>Ecoute du brame du cerf - Office du Tourisme de Jalhay Sart</title>
<meta name="robots" content="index, follow, max-snippet:-1, max-image-preview:large, max-video-preview:-1" />
<link rel="canonical" href="https://www.tourismejalhaysart.be/de/events/ecoute-du-brame-du-cerf/" />
<meta property="og:locale" content="de_DE" />
<meta property="og:type" content="article" />
<meta property="og:title" content="Ecoute du brame du cerf - Office du Tourisme de Jalhay Sart" />
<meta property="og:description" content="Ecoute du brame du cerf" />
<meta property="og:url" content="https://www.tourismejalhaysart.be/de/events/ecoute-du-brame-du-cerf/" />
<meta property="og:site_name" content="Office du Tourisme de Jalhay Sart" />
<meta property="article:modified_time" content="2025-08-01T06:46:25+00:00" />
<meta property="og:image" content="https://www.tourismejalhaysart.be/wp-content/uploads/2018/08/cerf-brame-1.jpg" />
	<meta property="og:image:width" content="500" />
	<meta property="og:image:height" content="500" />
	<meta property="og:image:type" content="image/jpeg" />
<meta name="twitter:card" content="summary_large_image" />
<meta name="twitter:label1" content="Geschätzte Lesezeit" />
	<meta name="twitter:data1" content="1 Minute" />
<script type="application/ld+json" class="yoast-schema-graph">{"@context":"https:\/\/schema.org","@graph":[{"@type":"WebPage","@id":"https:\/\/www.tourismejalhaysart.be\/de\/events\/ecoute-du-brame-du-cerf\/","url":"https:\/\/www.tourismejalhaysart.be\/de\/events\/ecoute-du-brame-du-cerf\/","name":"Ecoute du brame du cerf - Office du Tourisme de Jalhay Sart","isPartOf":{"@id":"https:\/\/www.tourismejalhaysart.be\/de\/#website"},"primaryImageOfPage":{"@id":"https:\/\/www.tourismejalhaysart.be\/de\/events\/ecoute-du-brame-du-cerf\/#primaryimage"},"image":{"@id":"https:\/\/www.tourismejalhaysart.be\/de\/events\/ecoute-du-brame-du-cerf\/#primaryimage"},"thumbnailUrl":"https:\/\/www.tourismejalhaysart.be\/wp-content\/uploads\/2018\/08\/cerf-brame-1.jpg","datePublished":"2016-07-21T09:06:02+00:00","dateModified":"2025-08-01T06:46:25+00:00","breadcrumb":{"@id":"https:\/\/www.tourismejalhaysart.be\/de\/events\/ecoute-du-brame-du-cerf\/#breadcrumb"},"inLanguage":"de","potentialAction":[{"@type":"ReadAction","target":["https:\/\/www.tourismejalhaysart.be\/de\/events\/ecoute-du-brame-du-cerf\/"]}]},{"@type":"ImageObject","inLanguage":"de","@id":"https:\/\/www.tourismejalhaysart.be\/de\/events\/ecoute-du-brame-du-cerf\/#primaryimage","url":"https:\/\/www.tourismejalhaysart.be\/wp-content\/uploads\/2018\/08\/cerf-brame-1.jpg","contentUrl":"https:\/\/www.tourismejalhaysart.be\/wp-content\/uploads\/2018\/08\/cerf-brame-1.jpg","width":500,"height":500},{"@type":"BreadcrumbList","@id":"https:\/\/www.tourismejalhaysart.be\/de\/events\/ecoute-du-brame-du-cerf\/#breadcrumb","itemListElement":[{"@type":"ListItem","position":1,"name":"Accueil","item":"https:\/\/www.tourismejalhaysart.be\/de\/"},{"@type":"ListItem","position":2,"name":"Veranstaltungen","item":"https:\/\/www.tourismejalhaysart.be\/de\/agenda\/"},{"@type":"ListItem","position":3,"name":"Ecoute du brame du cerf"}]},{"@type":"WebSite","@id":"https:\/\/www.tourismejalhaysart.be\/de\/#website","url":"https:\/\/www.tourismejalhaysart.be\/de\/","name":"Office du Tourisme de Jalhay Sart","description":"aux sources de la nature","potentialAction":[{"@type":"SearchAction","target":{"@type":"EntryPoint","urlTemplate":"https:\/\/www.tourismejalhaysart.be\/de\/?s={search_term_string}"},"query-input":{"@type":"PropertyValueSpecification","valueRequired":true,"valueName":"search_term_string"}}],"inLanguage":"de"}]}</script>
<!-- / Yoast SEO plugin. -->
